{"id":54,"date":"2022-07-23T15:18:42","date_gmt":"2022-07-23T13:18:42","guid":{"rendered":"https:\/\/www.vhsag.ch\/wohlen\/geschichte\/danke\/"},"modified":"2025-12-03T17:39:10","modified_gmt":"2025-12-03T16:39:10","slug":"danke","status":"publish","type":"page","link":"https:\/\/www.vhsag.ch\/wohlen\/ueber-uns\/danke\/","title":{"rendered":"DANKE"},"content":{"rendered":"\n<hr class=\"wp-block-separator has-alpha-channel-opacity is-style-wide\"\/>\n\n\n\n<p>Das vielf\u00e4ltige Angebot der Volkshochschule Region Wohlen ist nur dank viel ehrenamtlichem Engagement, der Unterst\u00fctzung durch die \u00f6ffentliche Hand und unseren Sponsoren m\u00f6glich.<\/p>\n\n\n\n<hr class=\"wp-block-separator has-alpha-channel-opacity is-style-wide\"\/>\n\n\n\n<h4 class=\"wp-block-heading has-text-align-center\"><br><strong>Vielen herzlichen Dank an unsere grossz\u00fcgigen Sponsoren!<\/strong><br><\/h4>\n\n\n\n<p><\/p>\n\n\n\n<div class=\"wp-block-columns are-vertically-aligned-center is-layout-flex wp-container-core-columns-is-layout-9d6595d7 wp-block-columns-is-layout-flex\">\n<div class=\"wp-block-column is-vertically-aligned-center is-layout-flow wp-block-column-is-layout-flow\" style=\"flex-basis:400px\"><div class=\"wp-block-image\">\n<figure class=\"aligncenter size-full is-resized\"><img loading=\"lazy\" decoding=\"async\" width=\"200\" height=\"200\" src=\"http:\/\/www.vhsag.ch\/wohlen\/wp-content\/uploads\/sites\/9\/2025\/07\/Gemeinde-Wohlen.jpeg\" alt=\"\" class=\"wp-image-280\" style=\"width:215px;height:auto\" srcset=\"https:\/\/www.vhsag.ch\/wohlen\/wp-content\/uploads\/sites\/9\/2025\/07\/Gemeinde-Wohlen.jpeg 200w, https:\/\/www.vhsag.ch\/wohlen\/wp-content\/uploads\/sites\/9\/2025\/07\/Gemeinde-Wohlen-150x150.jpeg 150w\" sizes=\"auto, (max-width: 200px) 100vw, 200px\" \/><\/figure>\n<\/div><\/div>\n\n\n\n<div class=\"wp-block-column is-vertically-aligned-center is-layout-flow wp-block-column-is-layout-flow\" style=\"flex-basis:400px\"><div class=\"wp-block-image\">\n<figure class=\"aligncenter size-large is-resized\"><img loading=\"lazy\" decoding=\"async\" width=\"1024\" height=\"677\" src=\"https:\/\/www.vhsag.ch\/wohlen\/wp-content\/uploads\/sites\/9\/2023\/09\/LOGO-Schloessli-1024x677.jpg\" alt=\"\" class=\"wp-image-170\" style=\"width:222px;height:auto\"\/><\/figure>\n<\/div><\/div>\n\n\n\n<div class=\"wp-block-column is-layout-flow wp-block-column-is-layout-flow\" style=\"flex-basis:400px\"><div class=\"wp-block-image\">\n<figure class=\"aligncenter size-full is-resized\"><img loading=\"lazy\" decoding=\"async\" width=\"380\" height=\"362\" src=\"http:\/\/www.vhsag.ch\/wohlen\/wp-content\/uploads\/sites\/9\/2025\/07\/Gemeinde-Walteschwil.png\" alt=\"\" class=\"wp-image-275\" style=\"width:219px;height:auto\" srcset=\"https:\/\/www.vhsag.ch\/wohlen\/wp-content\/uploads\/sites\/9\/2025\/07\/Gemeinde-Walteschwil.png 380w, https:\/\/www.vhsag.ch\/wohlen\/wp-content\/uploads\/sites\/9\/2025\/07\/Gemeinde-Walteschwil-300x286.png 300w\" sizes=\"auto, (max-width: 380px) 100vw, 380px\" \/><\/figure>\n<\/div><\/div>\n<\/div>\n\n\n\n<div class=\"wp-block-columns are-vertically-aligned-center is-layout-flex wp-container-core-columns-is-layout-9d6595d7 wp-block-columns-is-layout-flex\">\n<div class=\"wp-block-column is-vertically-aligned-center is-layout-flow wp-block-column-is-layout-flow\">\n<figure class=\"wp-block-image size-full\"><img loading=\"lazy\" decoding=\"async\" width=\"520\" height=\"145\" src=\"http:\/\/www.vhsag.ch\/wohlen\/wp-content\/uploads\/sites\/9\/2025\/07\/Kasimir-meyer.jpg\" alt=\"\" class=\"wp-image-279\" srcset=\"https:\/\/www.vhsag.ch\/wohlen\/wp-content\/uploads\/sites\/9\/2025\/07\/Kasimir-meyer.jpg 520w, https:\/\/www.vhsag.ch\/wohlen\/wp-content\/uploads\/sites\/9\/2025\/07\/Kasimir-meyer-300x84.jpg 300w\" sizes=\"auto, (max-width: 520px) 100vw, 520px\" \/><\/figure>\n<\/div>\n\n\n\n<div class=\"wp-block-column is-vertically-aligned-center is-layout-flow wp-block-column-is-layout-flow\">\n<figure class=\"wp-block-image size-full\"><img loading=\"lazy\" decoding=\"async\" width=\"526\" height=\"202\" src=\"http:\/\/www.vhsag.ch\/wohlen\/wp-content\/uploads\/sites\/9\/2025\/07\/Dreifuss-Stiftung.png\" alt=\"\" class=\"wp-image-277\" srcset=\"https:\/\/www.vhsag.ch\/wohlen\/wp-content\/uploads\/sites\/9\/2025\/07\/Dreifuss-Stiftung.png 526w, https:\/\/www.vhsag.ch\/wohlen\/wp-content\/uploads\/sites\/9\/2025\/07\/Dreifuss-Stiftung-300x115.png 300w\" sizes=\"auto, (max-width: 526px) 100vw, 526px\" \/><\/figure>\n<\/div>\n\n\n\n<div class=\"wp-block-column is-vertically-aligned-center is-layout-flow wp-block-column-is-layout-flow\"><div class=\"wp-block-image\">\n<figure class=\"aligncenter size-large is-resized\"><img loading=\"lazy\" decoding=\"async\" width=\"1024\" height=\"270\" src=\"http:\/\/www.vhsag.ch\/wohlen\/wp-content\/uploads\/sites\/9\/2023\/09\/brinkert_Lueck-1024x270.jpg\" alt=\"\" class=\"wp-image-173\" style=\"width:209px;height:auto\" srcset=\"https:\/\/www.vhsag.ch\/wohlen\/wp-content\/uploads\/sites\/9\/2023\/09\/brinkert_Lueck-1024x270.jpg 1024w, https:\/\/www.vhsag.ch\/wohlen\/wp-content\/uploads\/sites\/9\/2023\/09\/brinkert_Lueck-300x79.jpg 300w, https:\/\/www.vhsag.ch\/wohlen\/wp-content\/uploads\/sites\/9\/2023\/09\/brinkert_Lueck-768x203.jpg 768w, https:\/\/www.vhsag.ch\/wohlen\/wp-content\/uploads\/sites\/9\/2023\/09\/brinkert_Lueck.jpg 1460w\" sizes=\"auto, (max-width: 1024px) 100vw, 1024px\" \/><\/figure>\n<\/div><\/div>\n<\/div>\n\n\n\n<div class=\"wp-block-columns are-vertically-aligned-center is-layout-flex wp-container-core-columns-is-layout-9d6595d7 wp-block-columns-is-layout-flex\">\n<div class=\"wp-block-column is-vertically-aligned-center is-layout-flow wp-block-column-is-layout-flow\">\n<figure class=\"wp-block-image size-full\"><img loading=\"lazy\" decoding=\"async\" width=\"800\" height=\"240\" src=\"http:\/\/www.vhsag.ch\/wohlen\/wp-content\/uploads\/sites\/9\/2025\/07\/Knechtreisen.jpg\" alt=\"\" class=\"wp-image-276\" srcset=\"https:\/\/www.vhsag.ch\/wohlen\/wp-content\/uploads\/sites\/9\/2025\/07\/Knechtreisen.jpg 800w, https:\/\/www.vhsag.ch\/wohlen\/wp-content\/uploads\/sites\/9\/2025\/07\/Knechtreisen-300x90.jpg 300w, https:\/\/www.vhsag.ch\/wohlen\/wp-content\/uploads\/sites\/9\/2025\/07\/Knechtreisen-768x230.jpg 768w\" sizes=\"auto, (max-width: 800px) 100vw, 800px\" \/><\/figure>\n<\/div>\n\n\n\n<div class=\"wp-block-column is-vertically-aligned-center is-layout-flow wp-block-column-is-layout-flow\"><\/div>\n\n\n\n<div class=\"wp-block-column is-vertically-aligned-center is-layout-flow wp-block-column-is-layout-flow\"><div class=\"wp-block-image\">\n<figure class=\"aligncenter size-full\"><img loading=\"lazy\" decoding=\"async\" width=\"654\" height=\"422\" src=\"http:\/\/www.vhsag.ch\/wohlen\/wp-content\/uploads\/sites\/9\/2025\/07\/Schuewo.jpeg\" alt=\"\" class=\"wp-image-278\" srcset=\"https:\/\/www.vhsag.ch\/wohlen\/wp-content\/uploads\/sites\/9\/2025\/07\/Schuewo.jpeg 654w, https:\/\/www.vhsag.ch\/wohlen\/wp-content\/uploads\/sites\/9\/2025\/07\/Schuewo-300x194.jpeg 300w\" sizes=\"auto, (max-width: 654px) 100vw, 654px\" \/><\/figure>\n<\/div><\/div>\n<\/div>\n\n\n\n<hr class=\"wp-block-separator has-alpha-channel-opacity is-style-default\"\/>\n\n\n\n<p><\/p>\n","protected":false},"excerpt":{"rendered":"<p>Das vielf\u00e4ltige Angebot der Volkshochschule Region Wohlen ist nur dank viel ehrenamtlichem Engagement, der Unterst\u00fctzung durch die \u00f6ffentliche Hand und unseren Sponsoren m\u00f6glich. Vielen herzlichen Dank an unsere grossz\u00fcgigen Sponsoren!<\/p>\n","protected":false},"author":1,"featured_media":0,"parent":46,"menu_order":4,"comment_status":"closed","ping_status":"closed","template":"","meta":{"footnotes":""},"class_list":["post-54","page","type-page","status-publish","hentry"],"_links":{"self":[{"href":"https:\/\/www.vhsag.ch\/wohlen\/wp-json\/wp\/v2\/pages\/54","targetHints":{"allow":["GET"]}}],"collection":[{"href":"https:\/\/www.vhsag.ch\/wohlen\/wp-json\/wp\/v2\/pages"}],"about":[{"href":"https:\/\/www.vhsag.ch\/wohlen\/wp-json\/wp\/v2\/types\/page"}],"author":[{"embeddable":true,"href":"https:\/\/www.vhsag.ch\/wohlen\/wp-json\/wp\/v2\/users\/1"}],"replies":[{"embeddable":true,"href":"https:\/\/www.vhsag.ch\/wohlen\/wp-json\/wp\/v2\/comments?post=54"}],"version-history":[{"count":38,"href":"https:\/\/www.vhsag.ch\/wohlen\/wp-json\/wp\/v2\/pages\/54\/revisions"}],"predecessor-version":[{"id":331,"href":"https:\/\/www.vhsag.ch\/wohlen\/wp-json\/wp\/v2\/pages\/54\/revisions\/331"}],"up":[{"embeddable":true,"href":"https:\/\/www.vhsag.ch\/wohlen\/wp-json\/wp\/v2\/pages\/46"}],"wp:attachment":[{"href":"https:\/\/www.vhsag.ch\/wohlen\/wp-json\/wp\/v2\/media?parent=54"}],"curies":[{"name":"wp","href":"https:\/\/api.w.org\/{rel}","templated":true}]}}

<hr class="wp-block-separator has-alpha-channel-opacity is-style-wide"/>



<p>Das vielfältige Angebot der Volkshochschule Region Wohlen ist nur dank viel ehrenamtlichem Engagement, der Unterstützung durch die öffentliche Hand und unseren Sponsoren möglich.</p>



<hr class="wp-block-separator has-alpha-channel-opacity is-style-wide"/>



<h4 class="wp-block-heading has-text-align-center"><br><strong>Vielen herzlichen Dank an unsere grosszügigen Sponsoren!</strong><br></h4>



<p></p>



<div class="wp-block-columns are-vertically-aligned-center is-layout-flex wp-container-core-columns-is-layout-9d6595d7 wp-block-columns-is-layout-flex">
<div class="wp-block-column is-vertically-aligned-center is-layout-flow wp-block-column-is-layout-flow" style="flex-basis:400px"><div class="wp-block-image">
<figure class="aligncenter size-full is-resized"><img loading="lazy" decoding="async" width="200" height="200" src="http://www.vhsag.ch/wohlen/wp-content/uploads/sites/9/2025/07/Gemeinde-Wohlen.jpeg" alt="" class="wp-image-280" style="width:215px;height:auto" srcset="https://www.vhsag.ch/wohlen/wp-content/uploads/sites/9/2025/07/Gemeinde-Wohlen.jpeg 200w, https://www.vhsag.ch/wohlen/wp-content/uploads/sites/9/2025/07/Gemeinde-Wohlen-150x150.jpeg 150w" sizes="auto, (max-width: 200px) 100vw, 200px" /></figure>
</div></div>



<div class="wp-block-column is-vertically-aligned-center is-layout-flow wp-block-column-is-layout-flow" style="flex-basis:400px"><div class="wp-block-image">
<figure class="aligncenter size-large is-resized"><img loading="lazy" decoding="async" width="1024" height="677" src="https://www.vhsag.ch/wohlen/wp-content/uploads/sites/9/2023/09/LOGO-Schloessli-1024x677.jpg" alt="" class="wp-image-170" style="width:222px;height:auto"/></figure>
</div></div>



<div class="wp-block-column is-layout-flow wp-block-column-is-layout-flow" style="flex-basis:400px"><div class="wp-block-image">
<figure class="aligncenter size-full is-resized"><img loading="lazy" decoding="async" width="380" height="362" src="http://www.vhsag.ch/wohlen/wp-content/uploads/sites/9/2025/07/Gemeinde-Walteschwil.png" alt="" class="wp-image-275" style="width:219px;height:auto" srcset="https://www.vhsag.ch/wohlen/wp-content/uploads/sites/9/2025/07/Gemeinde-Walteschwil.png 380w, https://www.vhsag.ch/wohlen/wp-content/uploads/sites/9/2025/07/Gemeinde-Walteschwil-300x286.png 300w" sizes="auto, (max-width: 380px) 100vw, 380px" /></figure>
</div></div>
</div>



<div class="wp-block-columns are-vertically-aligned-center is-layout-flex wp-container-core-columns-is-layout-9d6595d7 wp-block-columns-is-layout-flex">
<div class="wp-block-column is-vertically-aligned-center is-layout-flow wp-block-column-is-layout-flow">
<figure class="wp-block-image size-full"><img loading="lazy" decoding="async" width="520" height="145" src="http://www.vhsag.ch/wohlen/wp-content/uploads/sites/9/2025/07/Kasimir-meyer.jpg" alt="" class="wp-image-279" srcset="https://www.vhsag.ch/wohlen/wp-content/uploads/sites/9/2025/07/Kasimir-meyer.jpg 520w, https://www.vhsag.ch/wohlen/wp-content/uploads/sites/9/2025/07/Kasimir-meyer-300x84.jpg 300w" sizes="auto, (max-width: 520px) 100vw, 520px" /></figure>
</div>



<div class="wp-block-column is-vertically-aligned-center is-layout-flow wp-block-column-is-layout-flow">
<figure class="wp-block-image size-full"><img loading="lazy" decoding="async" width="526" height="202" src="http://www.vhsag.ch/wohlen/wp-content/uploads/sites/9/2025/07/Dreifuss-Stiftung.png" alt="" class="wp-image-277" srcset="https://www.vhsag.ch/wohlen/wp-content/uploads/sites/9/2025/07/Dreifuss-Stiftung.png 526w, https://www.vhsag.ch/wohlen/wp-content/uploads/sites/9/2025/07/Dreifuss-Stiftung-300x115.png 300w" sizes="auto, (max-width: 526px) 100vw, 526px" /></figure>
</div>



<div class="wp-block-column is-vertically-aligned-center is-layout-flow wp-block-column-is-layout-flow"><div class="wp-block-image">
<figure class="aligncenter size-large is-resized"><img loading="lazy" decoding="async" width="1024" height="270" src="http://www.vhsag.ch/wohlen/wp-content/uploads/sites/9/2023/09/brinkert_Lueck-1024x270.jpg" alt="" class="wp-image-173" style="width:209px;height:auto" srcset="https://www.vhsag.ch/wohlen/wp-content/uploads/sites/9/2023/09/brinkert_Lueck-1024x270.jpg 1024w, https://www.vhsag.ch/wohlen/wp-content/uploads/sites/9/2023/09/brinkert_Lueck-300x79.jpg 300w, https://www.vhsag.ch/wohlen/wp-content/uploads/sites/9/2023/09/brinkert_Lueck-768x203.jpg 768w, https://www.vhsag.ch/wohlen/wp-content/uploads/sites/9/2023/09/brinkert_Lueck.jpg 1460w" sizes="auto, (max-width: 1024px) 100vw, 1024px" /></figure>
</div></div>
</div>



<div class="wp-block-columns are-vertically-aligned-center is-layout-flex wp-container-core-columns-is-layout-9d6595d7 wp-block-columns-is-layout-flex">
<div class="wp-block-column is-vertically-aligned-center is-layout-flow wp-block-column-is-layout-flow">
<figure class="wp-block-image size-full"><img loading="lazy" decoding="async" width="800" height="240" src="http://www.vhsag.ch/wohlen/wp-content/uploads/sites/9/2025/07/Knechtreisen.jpg" alt="" class="wp-image-276" srcset="https://www.vhsag.ch/wohlen/wp-content/uploads/sites/9/2025/07/Knechtreisen.jpg 800w, https://www.vhsag.ch/wohlen/wp-content/uploads/sites/9/2025/07/Knechtreisen-300x90.jpg 300w, https://www.vhsag.ch/wohlen/wp-content/uploads/sites/9/2025/07/Knechtreisen-768x230.jpg 768w" sizes="auto, (max-width: 800px) 100vw, 800px" /></figure>
</div>



<div class="wp-block-column is-vertically-aligned-center is-layout-flow wp-block-column-is-layout-flow"></div>



<div class="wp-block-column is-vertically-aligned-center is-layout-flow wp-block-column-is-layout-flow"><div class="wp-block-image">
<figure class="aligncenter size-full"><img loading="lazy" decoding="async" width="654" height="422" src="http://www.vhsag.ch/wohlen/wp-content/uploads/sites/9/2025/07/Schuewo.jpeg" alt="" class="wp-image-278" srcset="https://www.vhsag.ch/wohlen/wp-content/uploads/sites/9/2025/07/Schuewo.jpeg 654w, https://www.vhsag.ch/wohlen/wp-content/uploads/sites/9/2025/07/Schuewo-300x194.jpeg 300w" sizes="auto, (max-width: 654px) 100vw, 654px" /></figure>
</div></div>
</div>



<hr class="wp-block-separator has-alpha-channel-opacity is-style-default"/>



<p></p>

<p>Das vielfältige Angebot der Volkshochschule Region Wohlen ist nur dank viel ehrenamtlichem Engagement, der Unterstützung durch die öffentliche Hand und unseren Sponsoren möglich. Vielen herzlichen Dank an unsere grosszügigen Sponsoren!</p>
