{"id":46,"date":"2022-07-06T12:36:26","date_gmt":"2022-07-06T10:36:26","guid":{"rendered":"https:\/\/www.vhsag.ch\/wohlen\/geschichte\/"},"modified":"2025-12-08T16:02:50","modified_gmt":"2025-12-08T15:02:50","slug":"ueber-uns","status":"publish","type":"page","link":"https:\/\/www.vhsag.ch\/wohlen\/ueber-uns\/","title":{"rendered":"R\u00fcckblick VHS Region Wohlen"},"content":{"rendered":"<h5><strong>Gr\u00fcndung Volkshochschule Wohlen<\/strong><\/h5>\n<p><strong>27. September 1963<br \/>\n<\/strong>Gr\u00fcndung als dritte VHS im Kanton Aargau durch ca. 20 Pers\u00f6nlichkeiten aus dem \u00f6ffentlichen und kulturellen Leben Wohlens. Die urspr\u00fcnglichen vier Gr\u00fcndungs- und Programmkommissionsmitglieder waren Anton Wohler, Fritz St\u00e4uble, Alfreda Kron und Kurt Hartmann.<\/p>\n<p>Das erste Programm bot vier Zyklen mit je f\u00fcnf Vortr\u00e4gen zu verschiedenen Wissensgebieten sowie einen Bastelkurs an. Seither haben sich die Anl\u00e4sse massiv ver\u00e4ndert und auch die Anzahl Veranstaltungen um ein Mehrfaches gesteigert.<\/p>\n<h5><strong>Vereinsgr\u00fcndung der Volkshochschule Region Wohlen<\/strong><\/h5>\n<p><strong>11. August 2022<span class=\"Apple-converted-space\"><br \/>\n<\/span><\/strong>Bisher existierte die VHS Wohlen als einfache Gesellschaft ohne zahlende Mitglieder. Mit der offiziellen Vereinsgr\u00fcndung gab sich die Volkshochschule Wohlen die neue Bezeichnung \u00abVolkshochschule Region Wohlen\u00bb. Die Mitgliederzahl w\u00e4chst kontinuierlich.<\/p>\n<p><strong>Bisherige Pr\u00e4sidentinnen\/Pr\u00e4sidenten<br \/>\n<\/strong>1963 \u2013 1974 Anton Wohler<br \/>\n1974 \u2013 1977 Dr. Josef Grolimund<br \/>\n1977 \u2013 1981 Dr. Alfreda Kron<br \/>\n1981 \u2013 1986 Heini St\u00e4ger<br \/>\n1986 \u2013 1991 Ren\u00e9 Peter<br \/>\n1991 \u2013 2022 Ruth Binder<br \/>\n2022 \u2013 <span class=\"Apple-converted-space\">\u00a0 \u00a0 \u00a0 \u00a0 \u00a0<\/span>Bruno Breitschmid<\/p>\n","protected":false},"excerpt":{"rendered":"<p>Gr\u00fcndung Volkshochschule Wohlen 27. September 1963 Gr\u00fcndung als dritte VHS im Kanton Aargau durch ca. 20 Pers\u00f6nlichkeiten aus dem \u00f6ffentlichen und kulturellen Leben Wohlens. Die urspr\u00fcnglichen vier Gr\u00fcndungs- und Programmkommissionsmitglieder waren Anton Wohler, Fritz St\u00e4uble, Alfreda Kron und Kurt Hartmann. Das erste Programm bot vier Zyklen mit je f\u00fcnf Vortr\u00e4gen zu verschiedenen Wissensgebieten sowie einen &hellip;<\/p>\n","protected":false},"author":1,"featured_media":0,"parent":0,"menu_order":0,"comment_status":"closed","ping_status":"closed","template":"","meta":{"footnotes":""},"class_list":["post-46","page","type-page","status-publish","hentry"],"_links":{"self":[{"href":"https:\/\/www.vhsag.ch\/wohlen\/wp-json\/wp\/v2\/pages\/46","targetHints":{"allow":["GET"]}}],"collection":[{"href":"https:\/\/www.vhsag.ch\/wohlen\/wp-json\/wp\/v2\/pages"}],"about":[{"href":"https:\/\/www.vhsag.ch\/wohlen\/wp-json\/wp\/v2\/types\/page"}],"author":[{"embeddable":true,"href":"https:\/\/www.vhsag.ch\/wohlen\/wp-json\/wp\/v2\/users\/1"}],"replies":[{"embeddable":true,"href":"https:\/\/www.vhsag.ch\/wohlen\/wp-json\/wp\/v2\/comments?post=46"}],"version-history":[{"count":15,"href":"https:\/\/www.vhsag.ch\/wohlen\/wp-json\/wp\/v2\/pages\/46\/revisions"}],"predecessor-version":[{"id":332,"href":"https:\/\/www.vhsag.ch\/wohlen\/wp-json\/wp\/v2\/pages\/46\/revisions\/332"}],"wp:attachment":[{"href":"https:\/\/www.vhsag.ch\/wohlen\/wp-json\/wp\/v2\/media?parent=46"}],"curies":[{"name":"wp","href":"https:\/\/api.w.org\/{rel}","templated":true}]}}

Rückblick VHS Region Wohlen

<h5><strong>Gründung Volkshochschule Wohlen</strong></h5>
<p><strong>27. September 1963<br />
</strong>Gründung als dritte VHS im Kanton Aargau durch ca. 20 Persönlichkeiten aus dem öffentlichen und kulturellen Leben Wohlens. Die ursprünglichen vier Gründungs- und Programmkommissionsmitglieder waren Anton Wohler, Fritz Stäuble, Alfreda Kron und Kurt Hartmann.</p>
<p>Das erste Programm bot vier Zyklen mit je fünf Vorträgen zu verschiedenen Wissensgebieten sowie einen Bastelkurs an. Seither haben sich die Anlässe massiv verändert und auch die Anzahl Veranstaltungen um ein Mehrfaches gesteigert.</p>
<h5><strong>Vereinsgründung der Volkshochschule Region Wohlen</strong></h5>
<p><strong>11. August 2022<span class="Apple-converted-space"><br />
</span></strong>Bisher existierte die VHS Wohlen als einfache Gesellschaft ohne zahlende Mitglieder. Mit der offiziellen Vereinsgründung gab sich die Volkshochschule Wohlen die neue Bezeichnung «Volkshochschule Region Wohlen». Die Mitgliederzahl wächst kontinuierlich.</p>
<p><strong>Bisherige Präsidentinnen/Präsidenten<br />
</strong>1963 – 1974 Anton Wohler<br />
1974 – 1977 Dr. Josef Grolimund<br />
1977 – 1981 Dr. Alfreda Kron<br />
1981 – 1986 Heini Stäger<br />
1986 – 1991 René Peter<br />
1991 – 2022 Ruth Binder<br />
2022 – <span class="Apple-converted-space">         </span>Bruno Breitschmid</p>

<p>Gründung Volkshochschule Wohlen 27. September 1963 Gründung als dritte VHS im Kanton Aargau durch ca. 20 Persönlichkeiten aus dem öffentlichen und kulturellen Leben Wohlens. Die ursprünglichen vier Gründungs- und Programmkommissionsmitglieder waren Anton Wohler, Fritz Stäuble, Alfreda Kron und Kurt Hartmann. Das erste Programm bot vier Zyklen mit je fünf Vorträgen zu verschiedenen Wissensgebieten sowie einen &hellip;</p>
