{"id":147,"date":"2023-06-08T23:03:55","date_gmt":"2023-06-08T21:03:55","guid":{"rendered":"https:\/\/www.vhsag.ch\/wohlen\/?page_id=147"},"modified":"2025-12-08T16:03:40","modified_gmt":"2025-12-08T15:03:40","slug":"ueber-uns-2","status":"publish","type":"page","link":"https:\/\/www.vhsag.ch\/wohlen\/ueber-uns-2\/","title":{"rendered":"\u00dcber uns"},"content":{"rendered":"\n<hr class=\"wp-block-separator has-alpha-channel-opacity is-style-wide\"\/>\n\n\n\n<p>Die Volkshochschule Region Wohlen ist Mitglied des Verbandes der Aargauischen Volkshochschulen (<a href=\"http:\/\/www.vhsag.ch\/\" target=\"_blank\" rel=\"noreferrer noopener\">www.vhsag.ch<\/a>) und des Verbandes der Schweizerischen Volkshochschulen (<a href=\"http:\/\/www.up-vhs.ch\/\" target=\"_blank\" rel=\"noreferrer noopener\">www.up-vhs.ch<\/a>).<\/p>\n\n\n\n<p><strong>Newsletter und Webseite<\/strong><\/p>\n\n\n\n<p>Wir versenden in regelm\u00e4ssigen Abst\u00e4nden Newsletter, welche Sie \u00fcber aktuelle und neue Kursangebote und demn\u00e4chst stattfindende Veranstaltungen aufmerksam machen.&nbsp; Erhalten Sie diese Newsletter noch nicht? Sie k\u00f6nnen sich direkt auf der Seite \u00ab<a href=\"https:\/\/www.vhsag.ch\/wohlen\/ueber-uns\/newsletter\/\">Newsletter<\/a>\u00bb anmelden\u00bb.<\/p>\n\n\n\n<p><strong>Ausweitung des Bekanntheitsgrades auf die gesamte Region Wohlen<\/strong><\/p>\n\n\n\n<p>Es werden j\u00e4hrlich ca. 10&#8217;000 modern und farblich gestaltete Programme an alle Haushaltungen (ohne \u00abStopp-Werbung-Kleber\u00bb) in der Region Wohlen zugestellt. <\/p>\n\n\n\n<p>Die Volkshochschule Region Wohlen ist ein konfessionell und politisch neutraler Verein, der uneigenn\u00fctzig und nicht gewinnorientiert handelt. Ziel ist es qualitativ hochwertige Kultur- und Bildungsveranstaltungen zu fairen Bedingungen anzubieten. Es freut uns, wenn Sie an unseren interessanten Angeboten teilnehmen und uns dadurch aktiv unterst\u00fctzen.<\/p>\n\n\n\n<hr class=\"wp-block-separator has-alpha-channel-opacity is-style-wide\"\/>\n\n\n\n<p><strong>Vorstand<\/strong><\/p>\n\n\n\n<p>Bruno Breitschmid, Vorstandspr\u00e4sident, <a href=\"mailto:bruno.breitschmid@vhs-wohlen.ch\">bruno.breitschmid@vhs-wohlen.ch<\/a><br>Daniel Kurz, Vizepr\u00e4sident<br>Karin Bochicchio<br>Edith Frey<br>Corn\u00e9lia Meier-Sparr<br>Edith Weber<br>Christina Zi\u00f6rjen, Sekretariat, <a href=\"mailto:wohlen@vhs-aargau.ch\">wohlen@vhs-aargau.ch<\/a><\/p>\n\n\n\n<p><strong>Revisoren<\/strong><\/p>\n\n\n\n<p>Marco Huonder<br>Vreny Strasser<\/p>\n\n\n\n<hr class=\"wp-block-separator has-alpha-channel-opacity is-style-wide\"\/>\n\n\n\n<div class=\"wp-block-buttons is-layout-flex wp-block-buttons-is-layout-flex\">\n<div class=\"wp-block-button\"><a class=\"wp-block-button__link wp-element-button\" href=\"http:\/\/www.vhsag.ch\/wohlen\/wp-content\/uploads\/sites\/9\/2024\/03\/Statuten-fuer-auf-Homepage.pdf\" target=\"_blank\" rel=\"noreferrer noopener\">Statuten<\/a><\/div>\n<\/div>\n","protected":false},"excerpt":{"rendered":"<p>Die Volkshochschule Region Wohlen ist Mitglied des Verbandes der Aargauischen Volkshochschulen (www.vhsag.ch) und des Verbandes der Schweizerischen Volkshochschulen (www.up-vhs.ch). Newsletter und Webseite Wir versenden in regelm\u00e4ssigen Abst\u00e4nden Newsletter, welche Sie \u00fcber aktuelle und neue Kursangebote und demn\u00e4chst stattfindende Veranstaltungen aufmerksam machen.&nbsp; Erhalten Sie diese Newsletter noch nicht? Sie k\u00f6nnen sich direkt auf der Seite \u00abNewsletter\u00bb &hellip;<\/p>\n","protected":false},"author":1,"featured_media":0,"parent":0,"menu_order":0,"comment_status":"closed","ping_status":"closed","template":"","meta":{"footnotes":""},"class_list":["post-147","page","type-page","status-publish","hentry"],"_links":{"self":[{"href":"https:\/\/www.vhsag.ch\/wohlen\/wp-json\/wp\/v2\/pages\/147","targetHints":{"allow":["GET"]}}],"collection":[{"href":"https:\/\/www.vhsag.ch\/wohlen\/wp-json\/wp\/v2\/pages"}],"about":[{"href":"https:\/\/www.vhsag.ch\/wohlen\/wp-json\/wp\/v2\/types\/page"}],"author":[{"embeddable":true,"href":"https:\/\/www.vhsag.ch\/wohlen\/wp-json\/wp\/v2\/users\/1"}],"replies":[{"embeddable":true,"href":"https:\/\/www.vhsag.ch\/wohlen\/wp-json\/wp\/v2\/comments?post=147"}],"version-history":[{"count":9,"href":"https:\/\/www.vhsag.ch\/wohlen\/wp-json\/wp\/v2\/pages\/147\/revisions"}],"predecessor-version":[{"id":333,"href":"https:\/\/www.vhsag.ch\/wohlen\/wp-json\/wp\/v2\/pages\/147\/revisions\/333"}],"wp:attachment":[{"href":"https:\/\/www.vhsag.ch\/wohlen\/wp-json\/wp\/v2\/media?parent=147"}],"curies":[{"name":"wp","href":"https:\/\/api.w.org\/{rel}","templated":true}]}}

Über uns

<hr class="wp-block-separator has-alpha-channel-opacity is-style-wide"/>



<p>Die Volkshochschule Region Wohlen ist Mitglied des Verbandes der Aargauischen Volkshochschulen (<a href="http://www.vhsag.ch/" target="_blank" rel="noreferrer noopener">www.vhsag.ch</a>) und des Verbandes der Schweizerischen Volkshochschulen (<a href="http://www.up-vhs.ch/" target="_blank" rel="noreferrer noopener">www.up-vhs.ch</a>).</p>



<p><strong>Newsletter und Webseite</strong></p>



<p>Wir versenden in regelmässigen Abständen Newsletter, welche Sie über aktuelle und neue Kursangebote und demnächst stattfindende Veranstaltungen aufmerksam machen.&nbsp; Erhalten Sie diese Newsletter noch nicht? Sie können sich direkt auf der Seite «<a href="https://www.vhsag.ch/wohlen/ueber-uns/newsletter/">Newsletter</a>» anmelden».</p>



<p><strong>Ausweitung des Bekanntheitsgrades auf die gesamte Region Wohlen</strong></p>



<p>Es werden jährlich ca. 10&#8217;000 modern und farblich gestaltete Programme an alle Haushaltungen (ohne «Stopp-Werbung-Kleber») in der Region Wohlen zugestellt. </p>



<p>Die Volkshochschule Region Wohlen ist ein konfessionell und politisch neutraler Verein, der uneigennützig und nicht gewinnorientiert handelt. Ziel ist es qualitativ hochwertige Kultur- und Bildungsveranstaltungen zu fairen Bedingungen anzubieten. Es freut uns, wenn Sie an unseren interessanten Angeboten teilnehmen und uns dadurch aktiv unterstützen.</p>



<hr class="wp-block-separator has-alpha-channel-opacity is-style-wide"/>



<p><strong>Vorstand</strong></p>



<p>Bruno Breitschmid, Vorstandspräsident, <a href="mailto:bruno.breitschmid@vhs-wohlen.ch">bruno.breitschmid@vhs-wohlen.ch</a><br>Daniel Kurz, Vizepräsident<br>Karin Bochicchio<br>Edith Frey<br>Cornélia Meier-Sparr<br>Edith Weber<br>Christina Ziörjen, Sekretariat, <a href="mailto:wohlen@vhs-aargau.ch">wohlen@vhs-aargau.ch</a></p>



<p><strong>Revisoren</strong></p>



<p>Marco Huonder<br>Vreny Strasser</p>



<hr class="wp-block-separator has-alpha-channel-opacity is-style-wide"/>



<div class="wp-block-buttons is-layout-flex wp-block-buttons-is-layout-flex">
<div class="wp-block-button"><a class="wp-block-button__link wp-element-button" href="http://www.vhsag.ch/wohlen/wp-content/uploads/sites/9/2024/03/Statuten-fuer-auf-Homepage.pdf" target="_blank" rel="noreferrer noopener">Statuten</a></div>
</div>

<p>Die Volkshochschule Region Wohlen ist Mitglied des Verbandes der Aargauischen Volkshochschulen (www.vhsag.ch) und des Verbandes der Schweizerischen Volkshochschulen (www.up-vhs.ch). Newsletter und Webseite Wir versenden in regelmässigen Abständen Newsletter, welche Sie über aktuelle und neue Kursangebote und demnächst stattfindende Veranstaltungen aufmerksam machen.&nbsp; Erhalten Sie diese Newsletter noch nicht? Sie können sich direkt auf der Seite «Newsletter» &hellip;</p>
