{"id":51,"date":"2022-07-06T12:36:26","date_gmt":"2022-07-06T10:36:26","guid":{"rendered":"https:\/\/www.vhsag.ch\/wettingen\/geschichte\/"},"modified":"2025-11-11T10:12:11","modified_gmt":"2025-11-11T09:12:11","slug":"geschichte","status":"publish","type":"page","link":"https:\/\/www.vhsag.ch\/wettingen\/geschichte\/","title":{"rendered":"Geschichte"},"content":{"rendered":"\n<hr class=\"wp-block-separator has-alpha-channel-opacity is-style-wide\"\/>\n\n\n\n<p><strong>2026 wird ein gutes Jahr<\/strong><\/p>\n\n\n\n<p><strong>1962 war ein wichtiges Jahr:<\/strong>&nbsp;Charles De Gaulle hielt in Ludwigsburg seine \u201eRede an die deutsche Jugend\u201c in deutscher Sprache, in New York verkehrte erstmals eine U-Bahn ohne Lokf\u00fchrer, die Beatles wurden bei der Plattenfirma mit der Begr\u00fcndung abgelehnt, Gitarrenmusik sei nicht mehr modern, Marylin Monroe starb,&nbsp;die Volkshochschule Wettingen wurde von Kreisen aus dem Lehrerseminar Wettingen gegr\u00fcndet. Seither hat sich die VHS Wettingen Jahr um Jahr ver\u00e4ndert, aktualisiert und modernisiert und ist kontinuierlich von anf\u00e4nglich 4 Kursen pro Jahr auf rund 190 gewachsen. <strong>2022 war ein wichtiges Jahr:<\/strong> Zwei Regierungsr\u00e4te und verschiedene G\u00e4ste aus Politik, Wirtschaft und Kultur feierten mit den Mitgliedern 60 Jahre VHS Wettingen, ein Buch wurde publiziert. <strong>2025 war wieder ein wichtiges Jahr: <\/strong>Die 38-j\u00e4hrige Volkshochschule Spreitenbach wurde in die VHS Wettingen integriert, und wir bezogen erstmals ein eigenes B\u00fcro. Unsere Postadresse lautet nun T\u00e4gerhardstrasse 90, Wettingen. <strong>2026<\/strong> beginnen wir mit Kursen \u00fcber die anstehenden Jubil\u00e4umsveranstaltungen zu 800 Jahre Kloster Wettingen.&nbsp;<\/p>\n\n\n\n<p><strong>Merci<\/strong><br>Wir danken allen Mitgliedern, Kursteilnehmenden, Interessierten, Unterst\u00fctzenden und Inserenten\/innen aus den Gemeinden Wettingen, Baden, W\u00fcrenlos, Bergdietikon, Killwangen und Spreitenbach f\u00fcr das Vertrauen. Und wachsen weiter.<\/p>\n\n\n\n<p><\/p>\n\n\n\n<hr class=\"wp-block-separator has-alpha-channel-opacity is-style-wide\"\/>\n\n\n\n<h2 class=\"wp-block-heading\">This is how we work<\/h2>\n\n\n\n<p><br>Die Volkshochschule Wettingen ist als Verein organisiert. Rund 500 Mitglieder sowie die Gemeinden Wettingen, Baden, Bergdietikon, Killwangen, W\u00fcrenlos sowie die Ortsb\u00fcrgergemeinden Wettingen und Spreitenbach unterst\u00fctzen die Aktivit\u00e4ten. Die Vereinsleitung besteht aus Rahel Kramer, Denise Zumsteg, Philippe Rey. F\u00fcr die Buchhaltung ist Christoph B\u00e4chli zust\u00e4ndig, f\u00fcr administrative Belange steht Hanna Doka bereit.<\/p>\n\n\n\n<p>F\u00fcr den Verein verantwortlich sind 2025:<\/p>\n\n\n<div class=\"wp-block-image\">\n<figure class=\"aligncenter size-full\"><img loading=\"lazy\" decoding=\"async\" width=\"984\" height=\"591\" src=\"http:\/\/www.vhsag.ch\/wettingen\/wp-content\/uploads\/sites\/8\/2025\/04\/Bild-1-Kommission.jpg\" alt=\"\" class=\"wp-image-285\" srcset=\"https:\/\/www.vhsag.ch\/wettingen\/wp-content\/uploads\/sites\/8\/2025\/04\/Bild-1-Kommission.jpg 984w, https:\/\/www.vhsag.ch\/wettingen\/wp-content\/uploads\/sites\/8\/2025\/04\/Bild-1-Kommission-300x180.jpg 300w, https:\/\/www.vhsag.ch\/wettingen\/wp-content\/uploads\/sites\/8\/2025\/04\/Bild-1-Kommission-768x461.jpg 768w\" sizes=\"auto, (max-width: 984px) 100vw, 984px\" \/><\/figure>\n<\/div>\n\n\n<div class=\"wp-block-columns is-layout-flex wp-container-core-columns-is-layout-9d6595d7 wp-block-columns-is-layout-flex\">\n<div class=\"wp-block-column is-vertically-aligned-top is-layout-flow wp-block-column-is-layout-flow\">\n<div class=\"wp-block-group\"><div class=\"wp-block-group__inner-container is-layout-flow wp-block-group-is-layout-flow\">\n<p>Andres Ir\u00e8ne, Programmkommission | Beck Matthis, Grafik | Berger Cornelia, Revisorin | B\u00fchler Gabi, Programmkommission | Doka Hanna, Programmkommission und Sekretariat | Gassner-Rusconi Monica, Programmkommission | Gobeli Verena, Programmkommission | Mathiasen Beatrix, Abendkasse, Programmkommission | Kramer Rahel, Vorstand, Gesch\u00e4ftsf\u00fchrerin, Programmkommission | Rey Philippe, Vorstand, Pr\u00e4sident, Programmkommission | Sacripanti Simona, Programmkommission | Zumsteg Denise, Vorstand, Vizepr\u00e4sidentin, Programmkommission | Zumstein Antonia, Abendkasse |<\/p>\n<\/div><\/div>\n<\/div>\n<\/div>\n\n\n\n<p><strong>Programm<\/strong><br>Die j\u00e4hrlich 100 bis 200 Kurse finden tags\u00fcber und abends, manchmal einmalig, manchmal an mehreren Abenden, in Wettingen und gegebenenfalls auch ausw\u00e4rts, in Museen oder in der Natur statt. Unser Programm kann via Website oder in gedruckter Form (Auflage 8000 Exemplare) gratis bezogen werden.\u00a0<\/p>\n\n\n\n<p><strong>Mach mit<\/strong><br>Unsere Programmkommission gestaltet die Semesterprogramme und heisst Interessierte jederzeit willkommen. Hast du eine Idee f\u00fcr einen Kurs, ein Referat oder eine Vorlesung? Zur Zeit geh\u00f6ren ihr an: Ir\u00e8ne Andres, Gabi B\u00fchler M\u00fcller, Hanna Doka, Verena Gobeli, Rolf Iten, Rahel Kramer, Beatrix Mathiasen (Abendkasse), Philippe Rey, Simona Sacripanti, Iwan Suter, Denise Zumsteg, Antonia Zumstein (Abendkasse).<\/p>\n\n\n\n<p><strong>Inserate<\/strong><br>Unser Vorstand ist gleichzeitig auch Redaktion des Programmhefts. Wir nehmen gerne Inserate entgegen. Unsere Preise sind sehr moderat, helfen uns aber bei der Realisation unseres Programms. Anfragen gerne an info@vhs-wettingen.ch\u00a0 \u00a0<\/p>\n\n\n\n<p><strong>Adresse<\/strong><br>Volkshochschule Wettingen<br>T\u00e4gerhardstrasse 90<br>5430 Wettingen<\/p>\n\n\n\n<p>VHS Wettingen ist Mitglied<br>AVH Aargauische Volkshochschulen<br>Mitglied HGV Handels- und Gewerbeverein Wettingen<br>Mitglied senio Region Baden<\/p>\n\n\n\n<p><\/p>\n","protected":false},"excerpt":{"rendered":"<p>2026 wird ein gutes Jahr 1962 war ein wichtiges Jahr:&nbsp;Charles De Gaulle hielt in Ludwigsburg seine \u201eRede an die deutsche Jugend\u201c in deutscher Sprache, in New York verkehrte erstmals eine U-Bahn ohne Lokf\u00fchrer, die Beatles wurden bei der Plattenfirma mit der Begr\u00fcndung abgelehnt, Gitarrenmusik sei nicht mehr modern, Marylin Monroe starb,&nbsp;die Volkshochschule Wettingen wurde von &hellip;<\/p>\n","protected":false},"author":1,"featured_media":0,"parent":0,"menu_order":0,"comment_status":"closed","ping_status":"closed","template":"","meta":{"footnotes":""},"class_list":["post-51","page","type-page","status-publish","hentry"],"_links":{"self":[{"href":"https:\/\/www.vhsag.ch\/wettingen\/wp-json\/wp\/v2\/pages\/51","targetHints":{"allow":["GET"]}}],"collection":[{"href":"https:\/\/www.vhsag.ch\/wettingen\/wp-json\/wp\/v2\/pages"}],"about":[{"href":"https:\/\/www.vhsag.ch\/wettingen\/wp-json\/wp\/v2\/types\/page"}],"author":[{"embeddable":true,"href":"https:\/\/www.vhsag.ch\/wettingen\/wp-json\/wp\/v2\/users\/1"}],"replies":[{"embeddable":true,"href":"https:\/\/www.vhsag.ch\/wettingen\/wp-json\/wp\/v2\/comments?post=51"}],"version-history":[{"count":29,"href":"https:\/\/www.vhsag.ch\/wettingen\/wp-json\/wp\/v2\/pages\/51\/revisions"}],"predecessor-version":[{"id":359,"href":"https:\/\/www.vhsag.ch\/wettingen\/wp-json\/wp\/v2\/pages\/51\/revisions\/359"}],"wp:attachment":[{"href":"https:\/\/www.vhsag.ch\/wettingen\/wp-json\/wp\/v2\/media?parent=51"}],"curies":[{"name":"wp","href":"https:\/\/api.w.org\/{rel}","templated":true}]}}