{"id":83,"date":"2022-07-23T15:18:42","date_gmt":"2022-07-23T13:18:42","guid":{"rendered":"https:\/\/www.vhsag.ch\/lenzburg\/geschichte\/danke\/"},"modified":"2024-03-27T12:12:15","modified_gmt":"2024-03-27T11:12:15","slug":"danke","status":"publish","type":"page","link":"https:\/\/www.vhsag.ch\/lenzburg\/ueber-uns\/danke\/","title":{"rendered":"DANKE"},"content":{"rendered":"\n<hr class=\"wp-block-separator has-alpha-channel-opacity is-style-wide\"\/>\n\n\n\n<p>Das vielf\u00e4ltige Angebot der Volkshochschule Lenzburg ist nur m\u00f6glich dank viel ehrenamtlichem Engagement und finanzieller Unterst\u00fctzung der \u00f6ffentlichen Hand und von Sponsoren.<\/p>\n\n\n\n<hr class=\"wp-block-separator has-alpha-channel-opacity is-style-wide\"\/>\n\n\n\n<h4 class=\"wp-block-heading has-text-align-center\"><br><strong>Vielen Dank f\u00fcr die grossz\u00fcgige Unterst\u00fctzung!<\/strong><\/h4>\n\n\n\n<div class=\"wp-block-columns has-white-background-color has-background is-layout-flex wp-container-core-columns-is-layout-9d6595d7 wp-block-columns-is-layout-flex\">\n<div class=\"wp-block-column is-layout-flow wp-block-column-is-layout-flow\"><div class=\"wp-block-image\">\n<figure class=\"aligncenter size-full is-resized\"><a href=\"https:\/\/www.hbl.ch\/de\/\" target=\"_blank\" rel=\"noreferrer noopener\"><img loading=\"lazy\" decoding=\"async\" width=\"1012\" height=\"300\" src=\"https:\/\/www.vhsag.ch\/lenzburg\/wp-content\/uploads\/sites\/7\/2022\/07\/lenzburg_hbl.jpg\" alt=\"\" class=\"wp-image-86\" style=\"width:253px;height:75px\" srcset=\"https:\/\/www.vhsag.ch\/lenzburg\/wp-content\/uploads\/sites\/7\/2022\/07\/lenzburg_hbl.jpg 1012w, https:\/\/www.vhsag.ch\/lenzburg\/wp-content\/uploads\/sites\/7\/2022\/07\/lenzburg_hbl-300x89.jpg 300w, https:\/\/www.vhsag.ch\/lenzburg\/wp-content\/uploads\/sites\/7\/2022\/07\/lenzburg_hbl-768x228.jpg 768w\" sizes=\"auto, (max-width: 1012px) 100vw, 1012px\" \/><\/a><\/figure>\n<\/div>\n\n<div class=\"wp-block-image\">\n<figure class=\"aligncenter size-full is-resized\"><img loading=\"lazy\" decoding=\"async\" width=\"797\" height=\"283\" src=\"http:\/\/www.vhsag.ch\/lenzburg\/wp-content\/uploads\/sites\/7\/2024\/03\/Logo_Stadt-Lenzburg.jpg\" alt=\"\" class=\"wp-image-149\" style=\"width:287px;height:auto\" srcset=\"https:\/\/www.vhsag.ch\/lenzburg\/wp-content\/uploads\/sites\/7\/2024\/03\/Logo_Stadt-Lenzburg.jpg 797w, https:\/\/www.vhsag.ch\/lenzburg\/wp-content\/uploads\/sites\/7\/2024\/03\/Logo_Stadt-Lenzburg-300x107.jpg 300w, https:\/\/www.vhsag.ch\/lenzburg\/wp-content\/uploads\/sites\/7\/2024\/03\/Logo_Stadt-Lenzburg-768x273.jpg 768w\" sizes=\"auto, (max-width: 797px) 100vw, 797px\" \/><\/figure>\n<\/div><\/div>\n\n\n\n<div class=\"wp-block-column is-layout-flow wp-block-column-is-layout-flow\"><div class=\"wp-block-image\">\n<figure class=\"aligncenter size-full is-resized\"><img loading=\"lazy\" decoding=\"async\" width=\"800\" height=\"388\" src=\"http:\/\/www.vhsag.ch\/lenzburg\/wp-content\/uploads\/sites\/7\/2024\/03\/SWL.jpg\" alt=\"\" class=\"wp-image-153\" style=\"aspect-ratio:4.923076923076923;object-fit:contain;width:406px;height:auto\" srcset=\"https:\/\/www.vhsag.ch\/lenzburg\/wp-content\/uploads\/sites\/7\/2024\/03\/SWL.jpg 800w, https:\/\/www.vhsag.ch\/lenzburg\/wp-content\/uploads\/sites\/7\/2024\/03\/SWL-300x146.jpg 300w, https:\/\/www.vhsag.ch\/lenzburg\/wp-content\/uploads\/sites\/7\/2024\/03\/SWL-768x372.jpg 768w\" sizes=\"auto, (max-width: 800px) 100vw, 800px\" \/><\/figure>\n<\/div>\n\n\n<p><br><\/p>\n<\/div>\n<\/div>\n\n\n\n<div class=\"wp-block-columns is-layout-flex wp-container-core-columns-is-layout-9d6595d7 wp-block-columns-is-layout-flex\">\n<div class=\"wp-block-column is-layout-flow wp-block-column-is-layout-flow\"><\/div>\n\n\n\n<div class=\"wp-block-column is-layout-flow wp-block-column-is-layout-flow\"><\/div>\n<\/div>\n","protected":false},"excerpt":{"rendered":"<p>Das vielf\u00e4ltige Angebot der Volkshochschule Lenzburg ist nur m\u00f6glich dank viel ehrenamtlichem Engagement und finanzieller Unterst\u00fctzung der \u00f6ffentlichen Hand und von Sponsoren. Vielen Dank f\u00fcr die grossz\u00fcgige Unterst\u00fctzung!<\/p>\n","protected":false},"author":1,"featured_media":0,"parent":79,"menu_order":4,"comment_status":"closed","ping_status":"closed","template":"","meta":{"footnotes":""},"class_list":["post-83","page","type-page","status-publish","hentry"],"_links":{"self":[{"href":"https:\/\/www.vhsag.ch\/lenzburg\/wp-json\/wp\/v2\/pages\/83","targetHints":{"allow":["GET"]}}],"collection":[{"href":"https:\/\/www.vhsag.ch\/lenzburg\/wp-json\/wp\/v2\/pages"}],"about":[{"href":"https:\/\/www.vhsag.ch\/lenzburg\/wp-json\/wp\/v2\/types\/page"}],"author":[{"embeddable":true,"href":"https:\/\/www.vhsag.ch\/lenzburg\/wp-json\/wp\/v2\/users\/1"}],"replies":[{"embeddable":true,"href":"https:\/\/www.vhsag.ch\/lenzburg\/wp-json\/wp\/v2\/comments?post=83"}],"version-history":[{"count":19,"href":"https:\/\/www.vhsag.ch\/lenzburg\/wp-json\/wp\/v2\/pages\/83\/revisions"}],"predecessor-version":[{"id":159,"href":"https:\/\/www.vhsag.ch\/lenzburg\/wp-json\/wp\/v2\/pages\/83\/revisions\/159"}],"up":[{"embeddable":true,"href":"https:\/\/www.vhsag.ch\/lenzburg\/wp-json\/wp\/v2\/pages\/79"}],"wp:attachment":[{"href":"https:\/\/www.vhsag.ch\/lenzburg\/wp-json\/wp\/v2\/media?parent=83"}],"curies":[{"name":"wp","href":"https:\/\/api.w.org\/{rel}","templated":true}]}}