{"id":78,"date":"2022-07-06T12:36:26","date_gmt":"2022-07-06T10:36:26","guid":{"rendered":"https:\/\/www.vhsag.ch\/brugg\/geschichte\/"},"modified":"2024-11-13T15:05:38","modified_gmt":"2024-11-13T14:05:38","slug":"ueber-uns","status":"publish","type":"page","link":"https:\/\/www.vhsag.ch\/brugg\/ueber-uns\/","title":{"rendered":"Geschichte"},"content":{"rendered":"\n<hr class=\"wp-block-separator has-alpha-channel-opacity is-style-wide\"\/>\n\n\n\n<div class=\"wp-block-columns is-layout-flex wp-container-core-columns-is-layout-9d6595d7 wp-block-columns-is-layout-flex\">\n<div class=\"wp-block-column is-layout-flow wp-block-column-is-layout-flow\" style=\"flex-basis:50%\">\n<p>Die Geschichte der Volkshochschule Brugg ist eine doppelte:<\/p>\n\n\n\n<p><strong>1. Die Volkshochschule Brugg<\/strong><\/p>\n\n\n\n<p>Am 26.1.1951 gr\u00fcndeten ein paar Brugger die Volkshochschule Brugg, \u00abim Schosse der jungliberalen Ortsgruppe Brugg\u00bb. Die Volkshochschule organisierte in der Regel zwei bis drei Kurse pro Jahr. Die Teilnehmerzahl betrug 30-60, selten 80 bis 150 Personen.<\/p>\n\n\n\n<p>In einem Zeitungsartikel zum 25-Jahr-Jubil\u00e4um der VHS Brugg im M\u00e4rz 1976 heisst es im letzten Abschnitt: \u00abObwohl in den letzten Jahren das Interesse an Kursen gelegentlich etwas kleiner geworden ist, das Fernsehen manchen potentiellen Besucher daheim zur\u00fcckh\u00e4lt und das Auto andere in die Ferne tr\u00e4gt, ist zu hoffen, dass die Volkshochschule Brugg weiterhin Anregung und Freude bereiten kann wie im vergangenen Vierteljahrhundert.\u00bb<\/p>\n\n\n\n<p>1966 wurde der Dachverband \u00abAargauische Volkshochschulen\u00bb, AVH, gegr\u00fcndet. Die VHS Brugg war aber nicht Mitglied.<\/p>\n\n\n\n<p><strong>2. Die Volkshochschule Region Brugg<\/strong><\/p>\n\n\n\n<p>In den Jahren 1978\/79 besch\u00e4ftigte sich eine Arbeitsgruppe von bildungspolitisch Interessierten (Paul Bieger, Urs P. Lattmann, Urs Str\u00e4ssle, Andr\u00e9 Vonder M\u00fchll) mit der Frage, \u00abob die Volkshochschulidee nicht auch in der Region Brugg im Rahmen der Aargauischen und Schweizerischen Volkshochschulorganisation neu gestaltet werden sollte.\u00bb<\/p>\n\n\n\n<p>Am 31. Oktober 1979 wurde dann an einer Feier im Rathaussaal Brugg die Volkshochschule Region Brugg als Teil der VHS Aargau gegr\u00fcndet.<\/p>\n\n\n\n<p>Andr\u00e9 Vonder M\u00fchll (Pr\u00e4sident)<br>Dr. Urs P. Lattmann, Dr. Urs Str\u00e4ssle (Vizepr\u00e4sidenten)<br>Rudolf M\u00fcller (Kassier)<br>Paul Bieger (Werbechef)<br>Dr. Urs Str\u00e4ssle, Irene Meier, Maria Wernle, Dr. Max Baumann, Kurt Gasser (Programmausschuss)<br>Ruedi Weber, Leo Loretan (Revisoren) <br><\/p>\n<\/div>\n\n\n\n<div class=\"wp-block-column is-layout-flow wp-block-column-is-layout-flow\" style=\"flex-basis:50%\">\n<figure class=\"wp-block-image size-large\"><img loading=\"lazy\" decoding=\"async\" width=\"726\" height=\"1024\" src=\"https:\/\/www.vhsag.ch\/brugg\/wp-content\/uploads\/sites\/5\/2024\/01\/Gruendungsversammlung_vhs_Brugg-726x1024.jpg\" alt=\"\" class=\"wp-image-210\" srcset=\"https:\/\/www.vhsag.ch\/brugg\/wp-content\/uploads\/sites\/5\/2024\/01\/Gruendungsversammlung_vhs_Brugg-726x1024.jpg 726w, https:\/\/www.vhsag.ch\/brugg\/wp-content\/uploads\/sites\/5\/2024\/01\/Gruendungsversammlung_vhs_Brugg-213x300.jpg 213w, https:\/\/www.vhsag.ch\/brugg\/wp-content\/uploads\/sites\/5\/2024\/01\/Gruendungsversammlung_vhs_Brugg-768x1084.jpg 768w, https:\/\/www.vhsag.ch\/brugg\/wp-content\/uploads\/sites\/5\/2024\/01\/Gruendungsversammlung_vhs_Brugg-1088x1536.jpg 1088w, https:\/\/www.vhsag.ch\/brugg\/wp-content\/uploads\/sites\/5\/2024\/01\/Gruendungsversammlung_vhs_Brugg.jpg 1157w\" sizes=\"auto, (max-width: 726px) 100vw, 726px\" \/><figcaption class=\"wp-element-caption\">Gr\u00fcndunsversammlung 1979<\/figcaption><\/figure>\n<\/div>\n<\/div>\n\n\n\n<div class=\"wp-block-columns is-layout-flex wp-container-core-columns-is-layout-9d6595d7 wp-block-columns-is-layout-flex\">\n<div class=\"wp-block-column is-layout-flow wp-block-column-is-layout-flow\">\n<p>Seither hat die VHS Region Brugg mit Erfolg Hunderte von Kursen und Vortr\u00e4gen durchgef\u00fchrt. Sie wird von einem ehrenamtlich t\u00e4tigen Vorstand gef\u00fchrt. Ziel ist die F\u00f6rderung der Erwachsenenbildung.<\/p>\n\n\n\n<p>In der heutigen schnelllebigen Zeit ist lebenslanges Lernen besonders wichtig. Lernen soll aber auch Freude bereiten und eine kurzweilige Freizeitbesch\u00e4ftigung sein. Die Angebote werden daher auch immer wieder der Nachfrage angepasst \u2013 und die Kurse von hervorragenden KursleiterInnen gef\u00fchrt.&nbsp;<\/p>\n\n\n\n<p><strong>Lebenslanges Lernen macht Freude. Wir freuen uns auf Ihren Besuch.<\/strong><\/p>\n\n\n\n<p>Die Teilnehmerinnen und Teilnehmer der Volkshochschule suchen eine Horizonterweiterung, um Neues zu erfahren, ihre Pers\u00f6nlichkeit zu st\u00e4rken, Wissen zu gewinnen oder sich neue Kompetenzen anzueignen. Unsere Kursleiterinnen und Kursleiter legen viel Wert darauf, Ihnen ihre Begeisterung f\u00fcr ein Fachgebiet weiterzugeben. Nicht Diplome und Punkte z\u00e4hlen, sondern Motivation und Neugier. Die VHS ist ein Ort des Austauschs mit Personen, die \u00e4hnliche Interessen pflegen.<\/p>\n<\/div>\n\n\n\n<div class=\"wp-block-column is-layout-flow wp-block-column-is-layout-flow\">\n<figure class=\"wp-block-image size-full\"><img loading=\"lazy\" decoding=\"async\" width=\"861\" height=\"663\" src=\"https:\/\/www.vhsag.ch\/brugg\/wp-content\/uploads\/sites\/5\/2024\/01\/Gruendungsmitglieder.jpg\" alt=\"\" class=\"wp-image-214\" srcset=\"https:\/\/www.vhsag.ch\/brugg\/wp-content\/uploads\/sites\/5\/2024\/01\/Gruendungsmitglieder.jpg 861w, https:\/\/www.vhsag.ch\/brugg\/wp-content\/uploads\/sites\/5\/2024\/01\/Gruendungsmitglieder-300x231.jpg 300w, https:\/\/www.vhsag.ch\/brugg\/wp-content\/uploads\/sites\/5\/2024\/01\/Gruendungsmitglieder-768x591.jpg 768w\" sizes=\"auto, (max-width: 861px) 100vw, 861px\" \/><\/figure>\n<\/div>\n<\/div>\n\n\n\n<hr class=\"wp-block-separator has-alpha-channel-opacity is-style-wide\"\/>\n\n\n\n<div class=\"wp-block-columns is-layout-flex wp-container-core-columns-is-layout-9d6595d7 wp-block-columns-is-layout-flex\">\n<div class=\"wp-block-column is-layout-flow wp-block-column-is-layout-flow\" style=\"flex-basis:35%\">\n<h3 class=\"wp-block-heading\">Vorstand<\/h3>\n\n\n\n<p><br>Hans Hauenstein, Pr\u00e4sident<br><br>Peter Aeberhard<br>Enrico Biaggi<br>Willi Daepp<br>Dorothee Heer<br>Urs Rechsteiner<br><span style=\"font-style: normal; font-variant-caps: normal; font-stretch: normal; line-height: normal; font-family: Wingdings; font-size-adjust: none; font-kerning: auto; font-variant-alternates: normal; font-variant-ligatures: normal; font-variant-numeric: normal; font-variant-east-asian: normal; font-variant-position: normal; font-variant-emoji: normal; font-feature-settings: normal; font-optical-sizing: auto; font-variation-settings: normal;\"><\/span>Maria Schmidli<br><br>Zwei Stellen in unserem Vorstand sind zurzeit vakant &#8211; ein aufgestelltes Team sucht Verst\u00e4rkung!<\/p>\n\n\n\n<p>N\u00e4here Informationen bei unserem Pr\u00e4sidenten, Hans Hauenstein<\/p>\n\n\n\n<p><a href=\"mailto:h.hauenstein@vhsag.ch\">h.hauenstein@vhsag.ch<\/a><br>056 450 26 26 \/ 079 769 09 29<\/p>\n\n\n\n<p><\/p>\n\n\n\n<p><\/p>\n\n\n\n<p><\/p>\n\n\n\n<p><ul style=\"list-style-type: disc\"><br><\/ul><\/p>\n\n\n\n<p><\/p>\n<\/div>\n\n\n\n<div class=\"wp-block-column is-layout-flow wp-block-column-is-layout-flow\" style=\"flex-basis:65%\"><div class=\"wp-block-image\">\n<figure class=\"alignright size-full is-resized\"><img loading=\"lazy\" decoding=\"async\" width=\"631\" height=\"481\" src=\"https:\/\/www.vhsag.ch\/brugg\/wp-content\/uploads\/sites\/5\/2022\/07\/Brugg_Altstadt.jpeg\" alt=\"\" class=\"wp-image-148\" style=\"width:525px;height:400px\" srcset=\"https:\/\/www.vhsag.ch\/brugg\/wp-content\/uploads\/sites\/5\/2022\/07\/Brugg_Altstadt.jpeg 631w, https:\/\/www.vhsag.ch\/brugg\/wp-content\/uploads\/sites\/5\/2022\/07\/Brugg_Altstadt-300x229.jpeg 300w\" sizes=\"auto, (max-width: 631px) 100vw, 631px\" \/><figcaption class=\"wp-element-caption\">\u00a9 <a class=\"\" href=\"http:\/\/www.fotoristretto.ch\">www.fotoristretto.ch<\/a><\/figcaption><\/figure>\n<\/div><\/div>\n<\/div>\n","protected":false},"excerpt":{"rendered":"<p>Die Geschichte der Volkshochschule Brugg ist eine doppelte: 1. Die Volkshochschule Brugg Am 26.1.1951 gr\u00fcndeten ein paar Brugger die Volkshochschule Brugg, \u00abim Schosse der jungliberalen Ortsgruppe Brugg\u00bb. Die Volkshochschule organisierte in der Regel zwei bis drei Kurse pro Jahr. Die Teilnehmerzahl betrug 30-60, selten 80 bis 150 Personen. In einem Zeitungsartikel zum 25-Jahr-Jubil\u00e4um der VHS &hellip;<\/p>\n","protected":false},"author":1,"featured_media":0,"parent":0,"menu_order":0,"comment_status":"closed","ping_status":"closed","template":"","meta":{"footnotes":""},"class_list":["post-78","page","type-page","status-publish","hentry"],"_links":{"self":[{"href":"https:\/\/www.vhsag.ch\/brugg\/wp-json\/wp\/v2\/pages\/78","targetHints":{"allow":["GET"]}}],"collection":[{"href":"https:\/\/www.vhsag.ch\/brugg\/wp-json\/wp\/v2\/pages"}],"about":[{"href":"https:\/\/www.vhsag.ch\/brugg\/wp-json\/wp\/v2\/types\/page"}],"author":[{"embeddable":true,"href":"https:\/\/www.vhsag.ch\/brugg\/wp-json\/wp\/v2\/users\/1"}],"replies":[{"embeddable":true,"href":"https:\/\/www.vhsag.ch\/brugg\/wp-json\/wp\/v2\/comments?post=78"}],"version-history":[{"count":22,"href":"https:\/\/www.vhsag.ch\/brugg\/wp-json\/wp\/v2\/pages\/78\/revisions"}],"predecessor-version":[{"id":265,"href":"https:\/\/www.vhsag.ch\/brugg\/wp-json\/wp\/v2\/pages\/78\/revisions\/265"}],"wp:attachment":[{"href":"https:\/\/www.vhsag.ch\/brugg\/wp-json\/wp\/v2\/media?parent=78"}],"curies":[{"name":"wp","href":"https:\/\/api.w.org\/{rel}","templated":true}]}}

<hr class="wp-block-separator has-alpha-channel-opacity is-style-wide"/>



<div class="wp-block-columns is-layout-flex wp-container-core-columns-is-layout-9d6595d7 wp-block-columns-is-layout-flex">
<div class="wp-block-column is-layout-flow wp-block-column-is-layout-flow" style="flex-basis:50%">
<p>Die Geschichte der Volkshochschule Brugg ist eine doppelte:</p>



<p><strong>1. Die Volkshochschule Brugg</strong></p>



<p>Am 26.1.1951 gründeten ein paar Brugger die Volkshochschule Brugg, «im Schosse der jungliberalen Ortsgruppe Brugg». Die Volkshochschule organisierte in der Regel zwei bis drei Kurse pro Jahr. Die Teilnehmerzahl betrug 30-60, selten 80 bis 150 Personen.</p>



<p>In einem Zeitungsartikel zum 25-Jahr-Jubiläum der VHS Brugg im März 1976 heisst es im letzten Abschnitt: «Obwohl in den letzten Jahren das Interesse an Kursen gelegentlich etwas kleiner geworden ist, das Fernsehen manchen potentiellen Besucher daheim zurückhält und das Auto andere in die Ferne trägt, ist zu hoffen, dass die Volkshochschule Brugg weiterhin Anregung und Freude bereiten kann wie im vergangenen Vierteljahrhundert.»</p>



<p>1966 wurde der Dachverband «Aargauische Volkshochschulen», AVH, gegründet. Die VHS Brugg war aber nicht Mitglied.</p>



<p><strong>2. Die Volkshochschule Region Brugg</strong></p>



<p>In den Jahren 1978/79 beschäftigte sich eine Arbeitsgruppe von bildungspolitisch Interessierten (Paul Bieger, Urs P. Lattmann, Urs Strässle, André Vonder Mühll) mit der Frage, «ob die Volkshochschulidee nicht auch in der Region Brugg im Rahmen der Aargauischen und Schweizerischen Volkshochschulorganisation neu gestaltet werden sollte.»</p>



<p>Am 31. Oktober 1979 wurde dann an einer Feier im Rathaussaal Brugg die Volkshochschule Region Brugg als Teil der VHS Aargau gegründet.</p>



<p>André Vonder Mühll (Präsident)<br>Dr. Urs P. Lattmann, Dr. Urs Strässle (Vizepräsidenten)<br>Rudolf Müller (Kassier)<br>Paul Bieger (Werbechef)<br>Dr. Urs Strässle, Irene Meier, Maria Wernle, Dr. Max Baumann, Kurt Gasser (Programmausschuss)<br>Ruedi Weber, Leo Loretan (Revisoren) <br></p>
</div>



<div class="wp-block-column is-layout-flow wp-block-column-is-layout-flow" style="flex-basis:50%">
<figure class="wp-block-image size-large"><img loading="lazy" decoding="async" width="726" height="1024" src="https://www.vhsag.ch/brugg/wp-content/uploads/sites/5/2024/01/Gruendungsversammlung_vhs_Brugg-726x1024.jpg" alt="" class="wp-image-210" srcset="https://www.vhsag.ch/brugg/wp-content/uploads/sites/5/2024/01/Gruendungsversammlung_vhs_Brugg-726x1024.jpg 726w, https://www.vhsag.ch/brugg/wp-content/uploads/sites/5/2024/01/Gruendungsversammlung_vhs_Brugg-213x300.jpg 213w, https://www.vhsag.ch/brugg/wp-content/uploads/sites/5/2024/01/Gruendungsversammlung_vhs_Brugg-768x1084.jpg 768w, https://www.vhsag.ch/brugg/wp-content/uploads/sites/5/2024/01/Gruendungsversammlung_vhs_Brugg-1088x1536.jpg 1088w, https://www.vhsag.ch/brugg/wp-content/uploads/sites/5/2024/01/Gruendungsversammlung_vhs_Brugg.jpg 1157w" sizes="auto, (max-width: 726px) 100vw, 726px" /><figcaption class="wp-element-caption">Gründunsversammlung 1979</figcaption></figure>
</div>
</div>



<div class="wp-block-columns is-layout-flex wp-container-core-columns-is-layout-9d6595d7 wp-block-columns-is-layout-flex">
<div class="wp-block-column is-layout-flow wp-block-column-is-layout-flow">
<p>Seither hat die VHS Region Brugg mit Erfolg Hunderte von Kursen und Vorträgen durchgeführt. Sie wird von einem ehrenamtlich tätigen Vorstand geführt. Ziel ist die Förderung der Erwachsenenbildung.</p>



<p>In der heutigen schnelllebigen Zeit ist lebenslanges Lernen besonders wichtig. Lernen soll aber auch Freude bereiten und eine kurzweilige Freizeitbeschäftigung sein. Die Angebote werden daher auch immer wieder der Nachfrage angepasst – und die Kurse von hervorragenden KursleiterInnen geführt.&nbsp;</p>



<p><strong>Lebenslanges Lernen macht Freude. Wir freuen uns auf Ihren Besuch.</strong></p>



<p>Die Teilnehmerinnen und Teilnehmer der Volkshochschule suchen eine Horizonterweiterung, um Neues zu erfahren, ihre Persönlichkeit zu stärken, Wissen zu gewinnen oder sich neue Kompetenzen anzueignen. Unsere Kursleiterinnen und Kursleiter legen viel Wert darauf, Ihnen ihre Begeisterung für ein Fachgebiet weiterzugeben. Nicht Diplome und Punkte zählen, sondern Motivation und Neugier. Die VHS ist ein Ort des Austauschs mit Personen, die ähnliche Interessen pflegen.</p>
</div>



<div class="wp-block-column is-layout-flow wp-block-column-is-layout-flow">
<figure class="wp-block-image size-full"><img loading="lazy" decoding="async" width="861" height="663" src="https://www.vhsag.ch/brugg/wp-content/uploads/sites/5/2024/01/Gruendungsmitglieder.jpg" alt="" class="wp-image-214" srcset="https://www.vhsag.ch/brugg/wp-content/uploads/sites/5/2024/01/Gruendungsmitglieder.jpg 861w, https://www.vhsag.ch/brugg/wp-content/uploads/sites/5/2024/01/Gruendungsmitglieder-300x231.jpg 300w, https://www.vhsag.ch/brugg/wp-content/uploads/sites/5/2024/01/Gruendungsmitglieder-768x591.jpg 768w" sizes="auto, (max-width: 861px) 100vw, 861px" /></figure>
</div>
</div>



<hr class="wp-block-separator has-alpha-channel-opacity is-style-wide"/>



<div class="wp-block-columns is-layout-flex wp-container-core-columns-is-layout-9d6595d7 wp-block-columns-is-layout-flex">
<div class="wp-block-column is-layout-flow wp-block-column-is-layout-flow" style="flex-basis:35%">
<h3 class="wp-block-heading">Vorstand</h3>



<p><br>Hans Hauenstein, Präsident<br><br>Peter Aeberhard<br>Enrico Biaggi<br>Willi Daepp<br>Dorothee Heer<br>Urs Rechsteiner<br><span style="font-style: normal; font-variant-caps: normal; font-stretch: normal; line-height: normal; font-family: Wingdings; font-size-adjust: none; font-kerning: auto; font-variant-alternates: normal; font-variant-ligatures: normal; font-variant-numeric: normal; font-variant-east-asian: normal; font-variant-position: normal; font-variant-emoji: normal; font-feature-settings: normal; font-optical-sizing: auto; font-variation-settings: normal;"></span>Maria Schmidli<br><br>Zwei Stellen in unserem Vorstand sind zurzeit vakant &#8211; ein aufgestelltes Team sucht Verstärkung!</p>



<p>Nähere Informationen bei unserem Präsidenten, Hans Hauenstein</p>



<p><a href="mailto:h.hauenstein@vhsag.ch">h.hauenstein@vhsag.ch</a><br>056 450 26 26 / 079 769 09 29</p>



<p></p>



<p></p>



<p></p>



<p><ul style="list-style-type: disc"><br></ul></p>



<p></p>
</div>



<div class="wp-block-column is-layout-flow wp-block-column-is-layout-flow" style="flex-basis:65%"><div class="wp-block-image">
<figure class="alignright size-full is-resized"><img loading="lazy" decoding="async" width="631" height="481" src="https://www.vhsag.ch/brugg/wp-content/uploads/sites/5/2022/07/Brugg_Altstadt.jpeg" alt="" class="wp-image-148" style="width:525px;height:400px" srcset="https://www.vhsag.ch/brugg/wp-content/uploads/sites/5/2022/07/Brugg_Altstadt.jpeg 631w, https://www.vhsag.ch/brugg/wp-content/uploads/sites/5/2022/07/Brugg_Altstadt-300x229.jpeg 300w" sizes="auto, (max-width: 631px) 100vw, 631px" /><figcaption class="wp-element-caption">© <a class="" href="http://www.fotoristretto.ch">www.fotoristretto.ch</a></figcaption></figure>
</div></div>
</div>

<p>Die Geschichte der Volkshochschule Brugg ist eine doppelte: 1. Die Volkshochschule Brugg Am 26.1.1951 gründeten ein paar Brugger die Volkshochschule Brugg, «im Schosse der jungliberalen Ortsgruppe Brugg». Die Volkshochschule organisierte in der Regel zwei bis drei Kurse pro Jahr. Die Teilnehmerzahl betrug 30-60, selten 80 bis 150 Personen. In einem Zeitungsartikel zum 25-Jahr-Jubiläum der VHS &hellip;</p>
