{"id":307,"date":"2022-07-23T15:18:42","date_gmt":"2022-07-23T13:18:42","guid":{"rendered":"https:\/\/www.vhsag.ch\/bremgarten\/?page_id=307"},"modified":"2022-07-24T15:56:23","modified_gmt":"2022-07-24T13:56:23","slug":"danke","status":"publish","type":"page","link":"https:\/\/www.vhsag.ch\/bremgarten\/ueber-uns\/danke\/","title":{"rendered":"DANKE"},"content":{"rendered":"\n<hr class=\"wp-block-separator has-alpha-channel-opacity is-style-wide\"\/>\n\n\n\n<p>G\u00f6nner, Spenden und jeder Zustupf, helfen dem ehrenamtlichen Team der Volkshochschule Region Bremgarten, dass Sie weiterhin aus einem abwechslungsreichen Programm Ihre pers\u00f6nlichen Rosinen picken k\u00f6nnen.<br><br><\/p>\n\n\n\n<p><\/p>\n\n\n\n<h4 class=\"wp-block-heading\"><strong>Nutzen Sie das positive Image unseres Vereins zu Werbezwecken!<\/strong><\/h4>\n\n\n\n<p><br>Ab einem j\u00e4hrlichen Betrag von Fr. 350.- wird Ihr Firmenlogo auf unserer Homepage ver\u00f6ffentlicht. Ihre Unterst\u00fctzung ist ein wichtiger Beitrag f\u00fcr die Erwachsenenbildung.<\/p>\n\n\n\n<p>Haben wir Ihr Interesse geweckt? Dann freuen wir uns auf Ihre Mail: <a href=\"mailto:info@vhs-bremgarten.ch\">info@vhs-bremgarten.ch<\/a> <br><br><br><\/p>\n\n\n\n<hr class=\"wp-block-separator has-alpha-channel-opacity is-style-wide\"\/>\n\n\n\n<h4 class=\"has-text-align-center wp-block-heading\"><strong>Vielen Dank an unsere grossz\u00fcgigen Sponsoren!<\/strong><br><br><\/h4>\n\n\n\n<div class=\"wp-block-columns is-layout-flex wp-container-core-columns-is-layout-9d6595d7 wp-block-columns-is-layout-flex\">\n<div class=\"wp-block-column is-layout-flow wp-block-column-is-layout-flow\"><div class=\"wp-block-image\">\n<figure class=\"aligncenter size-full\"><img loading=\"lazy\" decoding=\"async\" width=\"215\" height=\"240\" src=\"https:\/\/www.vhsag.ch\/bremgarten\/wp-content\/uploads\/sites\/2\/2022\/07\/215px-Wappen_Arni_AG.png\" alt=\"\" class=\"wp-image-325\"\/><figcaption>Arni<\/figcaption><\/figure>\n<\/div><\/div>\n\n\n\n<div class=\"wp-block-column is-layout-flow wp-block-column-is-layout-flow\"><div class=\"wp-block-image\">\n<figure class=\"aligncenter size-full\"><img loading=\"lazy\" decoding=\"async\" width=\"215\" height=\"240\" src=\"https:\/\/www.vhsag.ch\/bremgarten\/wp-content\/uploads\/sites\/2\/2022\/07\/215px-Wappen_Berikon.svg_.png\" alt=\"\" class=\"wp-image-326\"\/><figcaption>Berikon<\/figcaption><\/figure>\n<\/div><\/div>\n\n\n\n<div class=\"wp-block-column is-layout-flow wp-block-column-is-layout-flow\"><div class=\"wp-block-image\">\n<figure class=\"aligncenter size-full\"><img loading=\"lazy\" decoding=\"async\" width=\"213\" height=\"239\" src=\"https:\/\/www.vhsag.ch\/bremgarten\/wp-content\/uploads\/sites\/2\/2022\/07\/213px-Bremgarten-blason.svg_.png\" alt=\"\" class=\"wp-image-323\"\/><figcaption>Bremgarten<\/figcaption><\/figure>\n<\/div><\/div>\n\n\n\n<div class=\"wp-block-column is-layout-flow wp-block-column-is-layout-flow\"><div class=\"wp-block-image\">\n<figure class=\"aligncenter size-full\"><img loading=\"lazy\" decoding=\"async\" width=\"215\" height=\"240\" src=\"https:\/\/www.vhsag.ch\/bremgarten\/wp-content\/uploads\/sites\/2\/2022\/07\/Wappen_Eggenwil.jpg\" alt=\"\" class=\"wp-image-335\"\/><figcaption>Eggenwil<\/figcaption><\/figure>\n<\/div><\/div>\n<\/div>\n\n\n\n<div class=\"wp-block-columns is-layout-flex wp-container-core-columns-is-layout-9d6595d7 wp-block-columns-is-layout-flex\">\n<div class=\"wp-block-column is-layout-flow wp-block-column-is-layout-flow\"><div class=\"wp-block-image\">\n<figure class=\"aligncenter size-full\"><img loading=\"lazy\" decoding=\"async\" width=\"215\" height=\"240\" src=\"https:\/\/www.vhsag.ch\/bremgarten\/wp-content\/uploads\/sites\/2\/2022\/07\/Wappen_FiGoe.jpg\" alt=\"\" class=\"wp-image-340\"\/><figcaption>Fischbach-G\u00f6slikon<\/figcaption><\/figure>\n<\/div><\/div>\n\n\n\n<div class=\"wp-block-column is-layout-flow wp-block-column-is-layout-flow\"><div class=\"wp-block-image\">\n<figure class=\"aligncenter size-full\"><img loading=\"lazy\" decoding=\"async\" width=\"215\" height=\"240\" src=\"https:\/\/www.vhsag.ch\/bremgarten\/wp-content\/uploads\/sites\/2\/2022\/07\/Wappen_Islisberg_AG.png\" alt=\"\" class=\"wp-image-329\"\/><figcaption>Islisberg<\/figcaption><\/figure>\n<\/div><\/div>\n\n\n\n<div class=\"wp-block-column is-layout-flow wp-block-column-is-layout-flow\"><div class=\"wp-block-image\">\n<figure class=\"aligncenter size-full\"><img loading=\"lazy\" decoding=\"async\" width=\"214\" height=\"240\" src=\"https:\/\/www.vhsag.ch\/bremgarten\/wp-content\/uploads\/sites\/2\/2022\/07\/Wappen_Jonen_AG.svg_.png\" alt=\"\" class=\"wp-image-330\"\/><figcaption>Jonen<\/figcaption><\/figure>\n<\/div><\/div>\n\n\n\n<div class=\"wp-block-column is-layout-flow wp-block-column-is-layout-flow\"><div class=\"wp-block-image\">\n<figure class=\"aligncenter size-full\"><img loading=\"lazy\" decoding=\"async\" width=\"215\" height=\"240\" src=\"https:\/\/www.vhsag.ch\/bremgarten\/wp-content\/uploads\/sites\/2\/2022\/07\/Wappen_Oberlunkhofen.jpg\" alt=\"\" class=\"wp-image-343\"\/><figcaption>Oberlunkhofen<\/figcaption><\/figure>\n<\/div><\/div>\n<\/div>\n\n\n\n<div class=\"wp-block-columns is-layout-flex wp-container-core-columns-is-layout-9d6595d7 wp-block-columns-is-layout-flex\">\n<div class=\"wp-block-column is-layout-flow wp-block-column-is-layout-flow\"><div class=\"wp-block-image\">\n<figure class=\"aligncenter size-full\"><img loading=\"lazy\" decoding=\"async\" width=\"213\" height=\"240\" src=\"https:\/\/www.vhsag.ch\/bremgarten\/wp-content\/uploads\/sites\/2\/2022\/07\/Wappen_Rottenschwil.jpg\" alt=\"\" class=\"wp-image-347\"\/><figcaption>Rottenschwil<\/figcaption><\/figure>\n<\/div><\/div>\n\n\n\n<div class=\"wp-block-column is-layout-flow wp-block-column-is-layout-flow\"><div class=\"wp-block-image\">\n<figure class=\"aligncenter size-full\"><img loading=\"lazy\" decoding=\"async\" width=\"213\" height=\"240\" src=\"https:\/\/www.vhsag.ch\/bremgarten\/wp-content\/uploads\/sites\/2\/2022\/07\/Wappen_Unterlunkhofen.jpg\" alt=\"\" class=\"wp-image-337\"\/><figcaption>Unterlunkhofen<\/figcaption><\/figure>\n<\/div><\/div>\n\n\n\n<div class=\"wp-block-column is-layout-flow wp-block-column-is-layout-flow\"><div class=\"wp-block-image\">\n<figure class=\"aligncenter size-full\"><img loading=\"lazy\" decoding=\"async\" width=\"213\" height=\"240\" src=\"https:\/\/www.vhsag.ch\/bremgarten\/wp-content\/uploads\/sites\/2\/2022\/07\/Wappen_Zufikon.jpg\" alt=\"\" class=\"wp-image-348\"\/><figcaption>Zufikon<\/figcaption><\/figure>\n<\/div><\/div>\n\n\n\n<div class=\"wp-block-column is-layout-flow wp-block-column-is-layout-flow\"><div class=\"wp-block-image\">\n<figure class=\"aligncenter size-full\"><img loading=\"lazy\" decoding=\"async\" width=\"399\" height=\"200\" src=\"https:\/\/www.vhsag.ch\/bremgarten\/wp-content\/uploads\/sites\/2\/2022\/07\/BKS.png\" alt=\"\" class=\"wp-image-368\" srcset=\"https:\/\/www.vhsag.ch\/bremgarten\/wp-content\/uploads\/sites\/2\/2022\/07\/BKS.png 399w, https:\/\/www.vhsag.ch\/bremgarten\/wp-content\/uploads\/sites\/2\/2022\/07\/BKS-300x150.png 300w\" sizes=\"auto, (max-width: 399px) 100vw, 399px\" \/><figcaption>Departement Bildung, Kultur und Sport des Kantons Aargau<\/figcaption><\/figure>\n<\/div><\/div>\n<\/div>\n\n\n\n<div class=\"wp-block-columns is-layout-flex wp-container-core-columns-is-layout-9d6595d7 wp-block-columns-is-layout-flex\">\n<div class=\"wp-block-column is-layout-flow wp-block-column-is-layout-flow\"><\/div>\n\n\n\n<div class=\"wp-block-column is-layout-flow wp-block-column-is-layout-flow\"><\/div>\n<\/div>\n","protected":false},"excerpt":{"rendered":"<p>G\u00f6nner, Spenden und jeder Zustupf, helfen dem ehrenamtlichen Team der Volkshochschule Region Bremgarten, dass Sie weiterhin aus einem abwechslungsreichen Programm Ihre pers\u00f6nlichen Rosinen picken k\u00f6nnen. Nutzen Sie das positive Image unseres Vereins zu Werbezwecken! Ab einem j\u00e4hrlichen Betrag von Fr. 350.- wird Ihr Firmenlogo auf unserer Homepage ver\u00f6ffentlicht. Ihre Unterst\u00fctzung ist ein wichtiger Beitrag f\u00fcr &hellip;<\/p>\n","protected":false},"author":1,"featured_media":0,"parent":78,"menu_order":4,"comment_status":"closed","ping_status":"closed","template":"","meta":{"footnotes":""},"class_list":["post-307","page","type-page","status-publish","hentry"],"_links":{"self":[{"href":"https:\/\/www.vhsag.ch\/bremgarten\/wp-json\/wp\/v2\/pages\/307","targetHints":{"allow":["GET"]}}],"collection":[{"href":"https:\/\/www.vhsag.ch\/bremgarten\/wp-json\/wp\/v2\/pages"}],"about":[{"href":"https:\/\/www.vhsag.ch\/bremgarten\/wp-json\/wp\/v2\/types\/page"}],"author":[{"embeddable":true,"href":"https:\/\/www.vhsag.ch\/bremgarten\/wp-json\/wp\/v2\/users\/1"}],"replies":[{"embeddable":true,"href":"https:\/\/www.vhsag.ch\/bremgarten\/wp-json\/wp\/v2\/comments?post=307"}],"version-history":[{"count":26,"href":"https:\/\/www.vhsag.ch\/bremgarten\/wp-json\/wp\/v2\/pages\/307\/revisions"}],"predecessor-version":[{"id":370,"href":"https:\/\/www.vhsag.ch\/bremgarten\/wp-json\/wp\/v2\/pages\/307\/revisions\/370"}],"up":[{"embeddable":true,"href":"https:\/\/www.vhsag.ch\/bremgarten\/wp-json\/wp\/v2\/pages\/78"}],"wp:attachment":[{"href":"https:\/\/www.vhsag.ch\/bremgarten\/wp-json\/wp\/v2\/media?parent=307"}],"curies":[{"name":"wp","href":"https:\/\/api.w.org\/{rel}","templated":true}]}}

<hr class="wp-block-separator has-alpha-channel-opacity is-style-wide"/>



<p>Gönner, Spenden und jeder Zustupf, helfen dem ehrenamtlichen Team der Volkshochschule Region Bremgarten, dass Sie weiterhin aus einem abwechslungsreichen Programm Ihre persönlichen Rosinen picken können.<br><br></p>



<p></p>



<h4 class="wp-block-heading"><strong>Nutzen Sie das positive Image unseres Vereins zu Werbezwecken!</strong></h4>



<p><br>Ab einem jährlichen Betrag von Fr. 350.- wird Ihr Firmenlogo auf unserer Homepage veröffentlicht. Ihre Unterstützung ist ein wichtiger Beitrag für die Erwachsenenbildung.</p>



<p>Haben wir Ihr Interesse geweckt? Dann freuen wir uns auf Ihre Mail: <a href="mailto:info@vhs-bremgarten.ch">info@vhs-bremgarten.ch</a> <br><br><br></p>



<hr class="wp-block-separator has-alpha-channel-opacity is-style-wide"/>



<h4 class="has-text-align-center wp-block-heading"><strong>Vielen Dank an unsere grosszügigen Sponsoren!</strong><br><br></h4>



<div class="wp-block-columns is-layout-flex wp-container-core-columns-is-layout-9d6595d7 wp-block-columns-is-layout-flex">
<div class="wp-block-column is-layout-flow wp-block-column-is-layout-flow"><div class="wp-block-image">
<figure class="aligncenter size-full"><img loading="lazy" decoding="async" width="215" height="240" src="https://www.vhsag.ch/bremgarten/wp-content/uploads/sites/2/2022/07/215px-Wappen_Arni_AG.png" alt="" class="wp-image-325"/><figcaption>Arni</figcaption></figure>
</div></div>



<div class="wp-block-column is-layout-flow wp-block-column-is-layout-flow"><div class="wp-block-image">
<figure class="aligncenter size-full"><img loading="lazy" decoding="async" width="215" height="240" src="https://www.vhsag.ch/bremgarten/wp-content/uploads/sites/2/2022/07/215px-Wappen_Berikon.svg_.png" alt="" class="wp-image-326"/><figcaption>Berikon</figcaption></figure>
</div></div>



<div class="wp-block-column is-layout-flow wp-block-column-is-layout-flow"><div class="wp-block-image">
<figure class="aligncenter size-full"><img loading="lazy" decoding="async" width="213" height="239" src="https://www.vhsag.ch/bremgarten/wp-content/uploads/sites/2/2022/07/213px-Bremgarten-blason.svg_.png" alt="" class="wp-image-323"/><figcaption>Bremgarten</figcaption></figure>
</div></div>



<div class="wp-block-column is-layout-flow wp-block-column-is-layout-flow"><div class="wp-block-image">
<figure class="aligncenter size-full"><img loading="lazy" decoding="async" width="215" height="240" src="https://www.vhsag.ch/bremgarten/wp-content/uploads/sites/2/2022/07/Wappen_Eggenwil.jpg" alt="" class="wp-image-335"/><figcaption>Eggenwil</figcaption></figure>
</div></div>
</div>



<div class="wp-block-columns is-layout-flex wp-container-core-columns-is-layout-9d6595d7 wp-block-columns-is-layout-flex">
<div class="wp-block-column is-layout-flow wp-block-column-is-layout-flow"><div class="wp-block-image">
<figure class="aligncenter size-full"><img loading="lazy" decoding="async" width="215" height="240" src="https://www.vhsag.ch/bremgarten/wp-content/uploads/sites/2/2022/07/Wappen_FiGoe.jpg" alt="" class="wp-image-340"/><figcaption>Fischbach-Göslikon</figcaption></figure>
</div></div>



<div class="wp-block-column is-layout-flow wp-block-column-is-layout-flow"><div class="wp-block-image">
<figure class="aligncenter size-full"><img loading="lazy" decoding="async" width="215" height="240" src="https://www.vhsag.ch/bremgarten/wp-content/uploads/sites/2/2022/07/Wappen_Islisberg_AG.png" alt="" class="wp-image-329"/><figcaption>Islisberg</figcaption></figure>
</div></div>



<div class="wp-block-column is-layout-flow wp-block-column-is-layout-flow"><div class="wp-block-image">
<figure class="aligncenter size-full"><img loading="lazy" decoding="async" width="214" height="240" src="https://www.vhsag.ch/bremgarten/wp-content/uploads/sites/2/2022/07/Wappen_Jonen_AG.svg_.png" alt="" class="wp-image-330"/><figcaption>Jonen</figcaption></figure>
</div></div>



<div class="wp-block-column is-layout-flow wp-block-column-is-layout-flow"><div class="wp-block-image">
<figure class="aligncenter size-full"><img loading="lazy" decoding="async" width="215" height="240" src="https://www.vhsag.ch/bremgarten/wp-content/uploads/sites/2/2022/07/Wappen_Oberlunkhofen.jpg" alt="" class="wp-image-343"/><figcaption>Oberlunkhofen</figcaption></figure>
</div></div>
</div>



<div class="wp-block-columns is-layout-flex wp-container-core-columns-is-layout-9d6595d7 wp-block-columns-is-layout-flex">
<div class="wp-block-column is-layout-flow wp-block-column-is-layout-flow"><div class="wp-block-image">
<figure class="aligncenter size-full"><img loading="lazy" decoding="async" width="213" height="240" src="https://www.vhsag.ch/bremgarten/wp-content/uploads/sites/2/2022/07/Wappen_Rottenschwil.jpg" alt="" class="wp-image-347"/><figcaption>Rottenschwil</figcaption></figure>
</div></div>



<div class="wp-block-column is-layout-flow wp-block-column-is-layout-flow"><div class="wp-block-image">
<figure class="aligncenter size-full"><img loading="lazy" decoding="async" width="213" height="240" src="https://www.vhsag.ch/bremgarten/wp-content/uploads/sites/2/2022/07/Wappen_Unterlunkhofen.jpg" alt="" class="wp-image-337"/><figcaption>Unterlunkhofen</figcaption></figure>
</div></div>



<div class="wp-block-column is-layout-flow wp-block-column-is-layout-flow"><div class="wp-block-image">
<figure class="aligncenter size-full"><img loading="lazy" decoding="async" width="213" height="240" src="https://www.vhsag.ch/bremgarten/wp-content/uploads/sites/2/2022/07/Wappen_Zufikon.jpg" alt="" class="wp-image-348"/><figcaption>Zufikon</figcaption></figure>
</div></div>



<div class="wp-block-column is-layout-flow wp-block-column-is-layout-flow"><div class="wp-block-image">
<figure class="aligncenter size-full"><img loading="lazy" decoding="async" width="399" height="200" src="https://www.vhsag.ch/bremgarten/wp-content/uploads/sites/2/2022/07/BKS.png" alt="" class="wp-image-368" srcset="https://www.vhsag.ch/bremgarten/wp-content/uploads/sites/2/2022/07/BKS.png 399w, https://www.vhsag.ch/bremgarten/wp-content/uploads/sites/2/2022/07/BKS-300x150.png 300w" sizes="auto, (max-width: 399px) 100vw, 399px" /><figcaption>Departement Bildung, Kultur und Sport des Kantons Aargau</figcaption></figure>
</div></div>
</div>



<div class="wp-block-columns is-layout-flex wp-container-core-columns-is-layout-9d6595d7 wp-block-columns-is-layout-flex">
<div class="wp-block-column is-layout-flow wp-block-column-is-layout-flow"></div>



<div class="wp-block-column is-layout-flow wp-block-column-is-layout-flow"></div>
</div>

<p>Gönner, Spenden und jeder Zustupf, helfen dem ehrenamtlichen Team der Volkshochschule Region Bremgarten, dass Sie weiterhin aus einem abwechslungsreichen Programm Ihre persönlichen Rosinen picken können. Nutzen Sie das positive Image unseres Vereins zu Werbezwecken! Ab einem jährlichen Betrag von Fr. 350.- wird Ihr Firmenlogo auf unserer Homepage veröffentlicht. Ihre Unterstützung ist ein wichtiger Beitrag für &hellip;</p>
