{"id":64,"date":"2022-07-23T15:18:42","date_gmt":"2022-07-23T13:18:42","guid":{"rendered":"https:\/\/www.vhsag.ch\/aarau\/geschichte\/danke\/"},"modified":"2022-07-26T17:33:10","modified_gmt":"2022-07-26T15:33:10","slug":"danke","status":"publish","type":"page","link":"https:\/\/www.vhsag.ch\/aarau\/geschichte\/danke\/","title":{"rendered":"DANKE"},"content":{"rendered":"\n<hr class=\"wp-block-separator has-alpha-channel-opacity is-style-wide\"\/>\n\n\n\n<p class=\"has-black-color has-text-color\">Das Team der VHS Aarau wird weiterhin mit viel Freude und ehrenamtlichem Einsatz Jahresprogramme mit viel Unbekanntem, \u00dcberraschendem, H\u00f6rens- und Sehenswertem f\u00fcr Sie zusammenstellen. <\/p>\n\n\n\n<p class=\"has-black-color has-text-color\">Damit dies m\u00f6glich ist, kann die VHS Aarau auf die\u00a0<strong>grossz\u00fcgige Unterst\u00fctzung<\/strong>\u00a0der Stadt Aarau z\u00e4hlen.<br><br><br><\/p>\n\n\n\n<hr class=\"wp-block-separator has-alpha-channel-opacity is-style-wide\"\/>\n\n\n\n<h4 class=\"has-text-align-center has-black-color has-text-color wp-block-heading\"><br><strong>Vielen Dank f\u00fcr die Unterst\u00fctzung!<\/strong><br><br><\/h4>\n\n\n<div class=\"wp-block-image\">\n<figure class=\"aligncenter size-full\"><a href=\"https:\/\/www.aarau.ch\/\" target=\"_blank\" rel=\"noreferrer noopener\"><img loading=\"lazy\" decoding=\"async\" width=\"213\" height=\"240\" src=\"https:\/\/www.vhsag.ch\/aarau\/wp-content\/uploads\/sites\/3\/2022\/07\/Wappen_Aarau.svg_.png\" alt=\"\" class=\"wp-image-114\"\/><\/a><figcaption>Stadt Aarau<\/figcaption><\/figure>\n<\/div>","protected":false},"excerpt":{"rendered":"<p>Das Team der VHS Aarau wird weiterhin mit viel Freude und ehrenamtlichem Einsatz Jahresprogramme mit viel Unbekanntem, \u00dcberraschendem, H\u00f6rens- und Sehenswertem f\u00fcr Sie zusammenstellen. Damit dies m\u00f6glich ist, kann die VHS Aarau auf die\u00a0grossz\u00fcgige Unterst\u00fctzung\u00a0der Stadt Aarau z\u00e4hlen. Vielen Dank f\u00fcr die Unterst\u00fctzung!<\/p>\n","protected":false},"author":1,"featured_media":0,"parent":53,"menu_order":4,"comment_status":"closed","ping_status":"closed","template":"","meta":{"footnotes":""},"class_list":["post-64","page","type-page","status-publish","hentry"],"_links":{"self":[{"href":"https:\/\/www.vhsag.ch\/aarau\/wp-json\/wp\/v2\/pages\/64","targetHints":{"allow":["GET"]}}],"collection":[{"href":"https:\/\/www.vhsag.ch\/aarau\/wp-json\/wp\/v2\/pages"}],"about":[{"href":"https:\/\/www.vhsag.ch\/aarau\/wp-json\/wp\/v2\/types\/page"}],"author":[{"embeddable":true,"href":"https:\/\/www.vhsag.ch\/aarau\/wp-json\/wp\/v2\/users\/1"}],"replies":[{"embeddable":true,"href":"https:\/\/www.vhsag.ch\/aarau\/wp-json\/wp\/v2\/comments?post=64"}],"version-history":[{"count":5,"href":"https:\/\/www.vhsag.ch\/aarau\/wp-json\/wp\/v2\/pages\/64\/revisions"}],"predecessor-version":[{"id":117,"href":"https:\/\/www.vhsag.ch\/aarau\/wp-json\/wp\/v2\/pages\/64\/revisions\/117"}],"up":[{"embeddable":true,"href":"https:\/\/www.vhsag.ch\/aarau\/wp-json\/wp\/v2\/pages\/53"}],"wp:attachment":[{"href":"https:\/\/www.vhsag.ch\/aarau\/wp-json\/wp\/v2\/media?parent=64"}],"curies":[{"name":"wp","href":"https:\/\/api.w.org\/{rel}","templated":true}]}}