{"id":53,"date":"2022-07-06T12:36:26","date_gmt":"2022-07-06T10:36:26","guid":{"rendered":"https:\/\/www.vhsag.ch\/aarau\/geschichte\/"},"modified":"2025-09-26T14:33:17","modified_gmt":"2025-09-26T12:33:17","slug":"geschichte","status":"publish","type":"page","link":"https:\/\/www.vhsag.ch\/aarau\/geschichte\/","title":{"rendered":"\u00dcber uns"},"content":{"rendered":"\n<hr class=\"wp-block-separator has-alpha-channel-opacity is-style-wide\"\/>\n\n\n\n<p><br><\/p>\n\n\n\n<p><strong>Das Lernen geniessen! Den Horizont durch Bildung vergr\u00f6ssern!<\/strong><\/p>\n\n\n\n<p>Der Verein Volkshochschule Aarau wurde von einer Gruppe Mittelschullehrern 1964 gegr\u00fcndet und setzt sich zum Ziel, f\u00fcr Wissbegierige ein abwechslungsreiches Bildungsangebot mit Kursen zu Literatur, Natur, Geschichte, Musik, Gesundheit, Wissenschaft, Gesellschaft, etc. anzubieten. Erg\u00e4nzend geh\u00f6rt gegenw\u00e4rtig ein Sprachkurs in R\u00e4toromanisch zum Angebot dazu.<\/p>\n\n\n\n<p>W\u00e4hrend der Sommerferienzeit finden vier Anl\u00e4sse, genannt <strong>Sommerakademie<\/strong>, statt. Drei Kurse zu Natur, Technik oder Architektur, ein Kurs gemeinsam mit der \u201eliterarischen aarau\u201c.<\/p>\n\n\n\n<p><br>Das Kursprogramm wird halbj\u00e4hrlich neu erstellt. Die Kurse stehen allen offen.<br><\/p>\n\n\n\n<p>Die Volkshochschule Aarau ist Mitglied des Verbandes der Aargauischen Volkshochschulen (<a href=\"http:\/\/www.vhsag.ch\" data-type=\"URL\" data-id=\"www.vhsag.ch\" target=\"_blank\" rel=\"noreferrer noopener\">www.vhsag.ch<\/a>) und des Verbandes der Schweizerischen Volkshochschulen (<a href=\"http:\/\/www.up-vhs.ch\" data-type=\"URL\" data-id=\"www.up-vhs.ch\" target=\"_blank\" rel=\"noreferrer noopener\">www.up-vhs.ch<\/a>)<br><\/p>\n\n\n\n<p class=\"has-vivid-red-color has-text-color\"><\/p>\n\n\n\n<p>Die Mitgliederliste der VHS-Aarau umfasst ca. 150 Personen.<br>Weitere ca. 1500 Personen d\u00fcrfen wir mit Informationen bedienen.<\/p>\n\n\n\n<p><br><br><\/p>\n\n\n\n<hr class=\"wp-block-separator has-alpha-channel-opacity is-style-wide\"\/>\n\n\n\n<h4 class=\"wp-block-heading\">Vorstand<\/h4>\n\n\n\n<div class=\"wp-block-columns is-layout-flex wp-container-core-columns-is-layout-9d6595d7 wp-block-columns-is-layout-flex\">\n<div class=\"wp-block-column is-layout-flow wp-block-column-is-layout-flow\">\n<p>Werner Schibli, Pr\u00e4sident<br>079 256 09 11<br><a href=\"mailto:w.schibli@vhsag.ch\">w.schibli@vhsag.ch<\/a><br><br>Brigitte Gloor-Bolliger<br>Vreni H\u00e4ni Gruber<br>Bettina Mayer Saurer<br>Hans Rosenberger<br>Monika Steinmann-Dubs<br>Ueli Suter<\/p>\n\n\n\n<p><strong>Sekretariat:<\/strong><br>Philippe Baltzer<br><strong>Buchhaltung:<\/strong><br>Silvia Strebel<br><br><\/p>\n\n\n\n<p><\/p>\n<\/div>\n\n\n\n<div class=\"wp-block-column is-layout-flow wp-block-column-is-layout-flow\">\n<figure class=\"wp-block-image size-large\"><img loading=\"lazy\" decoding=\"async\" width=\"1024\" height=\"792\" src=\"https:\/\/www.vhsag.ch\/aarau\/wp-content\/uploads\/sites\/3\/2022\/07\/aarau-g660110b66_1920-2-1024x792.jpg\" alt=\"\" class=\"wp-image-101\" srcset=\"https:\/\/www.vhsag.ch\/aarau\/wp-content\/uploads\/sites\/3\/2022\/07\/aarau-g660110b66_1920-2-1024x792.jpg 1024w, https:\/\/www.vhsag.ch\/aarau\/wp-content\/uploads\/sites\/3\/2022\/07\/aarau-g660110b66_1920-2-300x232.jpg 300w, https:\/\/www.vhsag.ch\/aarau\/wp-content\/uploads\/sites\/3\/2022\/07\/aarau-g660110b66_1920-2-768x594.jpg 768w, https:\/\/www.vhsag.ch\/aarau\/wp-content\/uploads\/sites\/3\/2022\/07\/aarau-g660110b66_1920-2-1536x1189.jpg 1536w, https:\/\/www.vhsag.ch\/aarau\/wp-content\/uploads\/sites\/3\/2022\/07\/aarau-g660110b66_1920-2.jpg 1839w\" sizes=\"auto, (max-width: 1024px) 100vw, 1024px\" \/><\/figure>\n<\/div>\n<\/div>\n","protected":false},"excerpt":{"rendered":"<p>Das Lernen geniessen! Den Horizont durch Bildung vergr\u00f6ssern! Der Verein Volkshochschule Aarau wurde von einer Gruppe Mittelschullehrern 1964 gegr\u00fcndet und setzt sich zum Ziel, f\u00fcr Wissbegierige ein abwechslungsreiches Bildungsangebot mit Kursen zu Literatur, Natur, Geschichte, Musik, Gesundheit, Wissenschaft, Gesellschaft, etc. anzubieten. Erg\u00e4nzend geh\u00f6rt gegenw\u00e4rtig ein Sprachkurs in R\u00e4toromanisch zum Angebot dazu. W\u00e4hrend der Sommerferienzeit finden &hellip;<\/p>\n","protected":false},"author":1,"featured_media":0,"parent":0,"menu_order":0,"comment_status":"closed","ping_status":"closed","template":"","meta":{"footnotes":""},"class_list":["post-53","page","type-page","status-publish","hentry"],"_links":{"self":[{"href":"https:\/\/www.vhsag.ch\/aarau\/wp-json\/wp\/v2\/pages\/53","targetHints":{"allow":["GET"]}}],"collection":[{"href":"https:\/\/www.vhsag.ch\/aarau\/wp-json\/wp\/v2\/pages"}],"about":[{"href":"https:\/\/www.vhsag.ch\/aarau\/wp-json\/wp\/v2\/types\/page"}],"author":[{"embeddable":true,"href":"https:\/\/www.vhsag.ch\/aarau\/wp-json\/wp\/v2\/users\/1"}],"replies":[{"embeddable":true,"href":"https:\/\/www.vhsag.ch\/aarau\/wp-json\/wp\/v2\/comments?post=53"}],"version-history":[{"count":20,"href":"https:\/\/www.vhsag.ch\/aarau\/wp-json\/wp\/v2\/pages\/53\/revisions"}],"predecessor-version":[{"id":220,"href":"https:\/\/www.vhsag.ch\/aarau\/wp-json\/wp\/v2\/pages\/53\/revisions\/220"}],"wp:attachment":[{"href":"https:\/\/www.vhsag.ch\/aarau\/wp-json\/wp\/v2\/media?parent=53"}],"curies":[{"name":"wp","href":"https:\/\/api.w.org\/{rel}","templated":true}]}}

Über uns

<hr class="wp-block-separator has-alpha-channel-opacity is-style-wide"/>



<p><br></p>



<p><strong>Das Lernen geniessen! Den Horizont durch Bildung vergrössern!</strong></p>



<p>Der Verein Volkshochschule Aarau wurde von einer Gruppe Mittelschullehrern 1964 gegründet und setzt sich zum Ziel, für Wissbegierige ein abwechslungsreiches Bildungsangebot mit Kursen zu Literatur, Natur, Geschichte, Musik, Gesundheit, Wissenschaft, Gesellschaft, etc. anzubieten. Ergänzend gehört gegenwärtig ein Sprachkurs in Rätoromanisch zum Angebot dazu.</p>



<p>Während der Sommerferienzeit finden vier Anlässe, genannt <strong>Sommerakademie</strong>, statt. Drei Kurse zu Natur, Technik oder Architektur, ein Kurs gemeinsam mit der „literarischen aarau“.</p>



<p><br>Das Kursprogramm wird halbjährlich neu erstellt. Die Kurse stehen allen offen.<br></p>



<p>Die Volkshochschule Aarau ist Mitglied des Verbandes der Aargauischen Volkshochschulen (<a href="http://www.vhsag.ch" data-type="URL" data-id="www.vhsag.ch" target="_blank" rel="noreferrer noopener">www.vhsag.ch</a>) und des Verbandes der Schweizerischen Volkshochschulen (<a href="http://www.up-vhs.ch" data-type="URL" data-id="www.up-vhs.ch" target="_blank" rel="noreferrer noopener">www.up-vhs.ch</a>)<br></p>



<p class="has-vivid-red-color has-text-color"></p>



<p>Die Mitgliederliste der VHS-Aarau umfasst ca. 150 Personen.<br>Weitere ca. 1500 Personen dürfen wir mit Informationen bedienen.</p>



<p><br><br></p>



<hr class="wp-block-separator has-alpha-channel-opacity is-style-wide"/>



<h4 class="wp-block-heading">Vorstand</h4>



<div class="wp-block-columns is-layout-flex wp-container-core-columns-is-layout-9d6595d7 wp-block-columns-is-layout-flex">
<div class="wp-block-column is-layout-flow wp-block-column-is-layout-flow">
<p>Werner Schibli, Präsident<br>079 256 09 11<br><a href="mailto:w.schibli@vhsag.ch">w.schibli@vhsag.ch</a><br><br>Brigitte Gloor-Bolliger<br>Vreni Häni Gruber<br>Bettina Mayer Saurer<br>Hans Rosenberger<br>Monika Steinmann-Dubs<br>Ueli Suter</p>



<p><strong>Sekretariat:</strong><br>Philippe Baltzer<br><strong>Buchhaltung:</strong><br>Silvia Strebel<br><br></p>



<p></p>
</div>



<div class="wp-block-column is-layout-flow wp-block-column-is-layout-flow">
<figure class="wp-block-image size-large"><img loading="lazy" decoding="async" width="1024" height="792" src="https://www.vhsag.ch/aarau/wp-content/uploads/sites/3/2022/07/aarau-g660110b66_1920-2-1024x792.jpg" alt="" class="wp-image-101" srcset="https://www.vhsag.ch/aarau/wp-content/uploads/sites/3/2022/07/aarau-g660110b66_1920-2-1024x792.jpg 1024w, https://www.vhsag.ch/aarau/wp-content/uploads/sites/3/2022/07/aarau-g660110b66_1920-2-300x232.jpg 300w, https://www.vhsag.ch/aarau/wp-content/uploads/sites/3/2022/07/aarau-g660110b66_1920-2-768x594.jpg 768w, https://www.vhsag.ch/aarau/wp-content/uploads/sites/3/2022/07/aarau-g660110b66_1920-2-1536x1189.jpg 1536w, https://www.vhsag.ch/aarau/wp-content/uploads/sites/3/2022/07/aarau-g660110b66_1920-2.jpg 1839w" sizes="auto, (max-width: 1024px) 100vw, 1024px" /></figure>
</div>
</div>

<p>Das Lernen geniessen! Den Horizont durch Bildung vergrössern! Der Verein Volkshochschule Aarau wurde von einer Gruppe Mittelschullehrern 1964 gegründet und setzt sich zum Ziel, für Wissbegierige ein abwechslungsreiches Bildungsangebot mit Kursen zu Literatur, Natur, Geschichte, Musik, Gesundheit, Wissenschaft, Gesellschaft, etc. anzubieten. Ergänzend gehört gegenwärtig ein Sprachkurs in Rätoromanisch zum Angebot dazu. Während der Sommerferienzeit finden &hellip;</p>
